
{"id":14,"date":"2012-04-12T23:13:43","date_gmt":"2012-04-12T23:13:43","guid":{"rendered":"http:\/\/www.imigracaojaponesa.com.br\/imigracaojaponesa2012\/?page_id=14"},"modified":"2012-09-03T21:37:19","modified_gmt":"2012-09-04T00:37:19","slug":"banzai","status":"publish","type":"page","link":"http:\/\/www.imigracaojaponesa.com.br\/index.php\/banzai\/","title":{"rendered":"BANZAI! Hist\u00f3ria da imigra\u00e7\u00e3o japonesa em mang\u00e1"},"content":{"rendered":"<p style=\"text-align: justify;\"><a href=\"http:\/\/www.imigracaojaponesa.com.br\/wp-content\/uploads\/2012\/06\/BANZAI-CAPA19mini.jpg\"><img loading=\"lazy\" decoding=\"async\" class=\"size-full wp-image-60 alignleft\" title=\"BANZAI CAPA19mini\" src=\"http:\/\/www.imigracaojaponesa.com.br\/wp-content\/uploads\/2012\/06\/BANZAI-CAPA19mini.jpg\" alt=\"\" width=\"300\" height=\"373\" srcset=\"http:\/\/www.imigracaojaponesa.com.br\/wp-content\/uploads\/2012\/06\/BANZAI-CAPA19mini.jpg 300w, http:\/\/www.imigracaojaponesa.com.br\/wp-content\/uploads\/2012\/06\/BANZAI-CAPA19mini-241x300.jpg 241w\" sizes=\"(max-width: 300px) 100vw, 300px\" \/><\/a><\/p>\n<p style=\"text-align: justify;\">O movimento imigrat\u00f3rio de japoneses para o Brasil come\u00e7ou em 1908, com a chegada ao Porto de Santos do navio Kasato Maru. De Santos at\u00e9 a hospedaria dos imigrantes, no Br\u00e1s, o transporte dos imigrantes foi feito de trem. Depois de alguns dias, os imigrantes, divididos em grupos, foram levados para as fazendas de caf\u00e9.<\/p>\n<p>Com a comida totalmente diferente, sem entender o idioma, e principalmente, sem ganhar o que esperavam, os imigrantes passaram por muitas dificuldades. Alguns fugiram das fazendas sem condi\u00e7\u00f5es de cumprirem os contratos e se dirigiram para as grandes cidades. Depois chegou a Segunda Guerra Mundial, e a situa\u00e7\u00e3o ficou ainda mais dif\u00edcil pelas leis restritivas adotadas pelo Brasil.<\/p>\n<p>Para contar essa hist\u00f3ria de luta e perseveran\u00e7a, que tamb\u00e9m \u00e9 uma parte da hist\u00f3ria do Brasil, foi lan\u00e7ado o livro \u201cBanzai \u2013 A Hist\u00f3ria da Imigra\u00e7\u00e3o Japonesa em Manga\u201d.<\/p>\n<p>A publica\u00e7\u00e3o, que \u00e9 uma iniciativa da Associa\u00e7\u00e3o Cultural e Esportiva Sa\u00fade, faz parte das atividades comemorativas do Centen\u00e1rio da Imigra\u00e7\u00e3o Japonesa no Brasil, e conta com o apoio da Funda\u00e7\u00e3o Kunito Miyasaka. Coordenado e preparado pelo jornalista Francisco Noriyuki Sato, tamb\u00e9m autor de Hist\u00f3ria do Jap\u00e3o em Mang\u00e1, o trabalho foi revisado por uma equipe liderada pelo professor da USP, dr. Masato Ninomiya.<\/p>\n<p>O veterano desenhista Julio Shimamoto cuidou dos desenhos. O interessante \u00e9 que todos os envolvidos t\u00eam forte liga\u00e7\u00e3o com a hist\u00f3ria que foi escrita e viveram parte de suas vidas na comunidade japonesa de alguma regi\u00e3o do Pa\u00eds. \u201cEssas experi\u00eancias pessoais enriqueceram muito a hist\u00f3ria, principalmente nos detalhes\u201d, conta Sato. O livro, que contou ainda com o aux\u00edlio de outro veterano, Paulo Fukue, e do carioca Adauto Silva, foi lan\u00e7ado em 19 de mar\u00e7o de 2008, na C\u00e2mara Municipal de S\u00e3o Paulo (veja as fotos ao lado).<\/p>\n<p>O livro j\u00e1 est\u00e1 \u00e0 venda nos endere\u00e7os ao lado. Nos mesmos endere\u00e7os, o livro Hist\u00f3ria do Jap\u00e3o em Mang\u00e1, 3\u00aa edi\u00e7\u00e3o tamb\u00e9m est\u00e1 dispon\u00edvel.<\/p>\n<p>Para contatos com os autores, Francisco Noriyuki Sato e Julio Shimamoto, favor encaminhar e-mail para:<br \/>\ninfo@imigracaojaponesa.com.br<\/p>\n<table width=\"704\" border=\"0\">\n<tbody>\n<tr>\n<td style=\"text-align: center;\">\n<p style=\"text-align: left;\"><a href=\"http:\/\/www.imigracaojaponesa.com.br\/wp-content\/uploads\/2012\/04\/mini-suzuki-yano-shima-tomio-sato3638.jpg\"><img loading=\"lazy\" decoding=\"async\" class=\"size-full wp-image-138 alignleft\" title=\"Lan\u00e7amento\" src=\"http:\/\/www.imigracaojaponesa.com.br\/wp-content\/uploads\/2012\/04\/mini-suzuki-yano-shima-tomio-sato3638.jpg\" alt=\"\" width=\"283\" height=\"188\" srcset=\"http:\/\/www.imigracaojaponesa.com.br\/wp-content\/uploads\/2012\/04\/mini-suzuki-yano-shima-tomio-sato3638.jpg 283w, http:\/\/www.imigracaojaponesa.com.br\/wp-content\/uploads\/2012\/04\/mini-suzuki-yano-shima-tomio-sato3638-150x99.jpg 150w\" sizes=\"(max-width: 283px) 100vw, 283px\" \/><\/a><small><small>Diretamente ligados \u00e0 produ\u00e7\u00e3o do Banzai!: Jorge Suzuki,<br \/>\nKyoko Yano, Julio Shimamoto, Tomio Katsuragawa e<br \/>\nFrancisco Noriyuki Sato, na ocasi\u00e3o do lan\u00e7amento<\/small><\/small><\/p>\n<\/td>\n<\/tr>\n<tr>\n<td style=\"text-align: left;\"><a href=\"http:\/\/www.imigracaojaponesa.com.br\/wp-content\/uploads\/2012\/04\/mini-woo-affonso-penna-kokei-consul-masato3732.jpg\"><img loading=\"lazy\" decoding=\"async\" class=\"alignleft\" title=\"mini woo affonso penna kokei consul masato3732\" src=\"http:\/\/www.imigracaojaponesa.com.br\/wp-content\/uploads\/2012\/04\/mini-woo-affonso-penna-kokei-consul-masato3732.jpg\" alt=\"\" width=\"394\" height=\"209\" \/><\/a><small><small>Autoridades que compuseram a mesano sal\u00e3o nobre Brasil Vita:<br \/>\nDeputado federal William Woo, Affonso Penna (convidado especial),<br \/>\nprof.Kokei Uehara, c\u00f4nsul do Jap\u00e3o, prof. Masato Ninomiya,<br \/>\nTomio Katsuragawa, deputado federal Walter Ihoshi,<br \/>\nvereador Aur\u00e9lio Nomura.<\/small><\/small><\/td>\n<\/tr>\n<\/tbody>\n<\/table>\n<p><span><big><strong>ONDE ADQUIRIR &#8211; PONTO DE\u00a0 VENDA DOS LIVROS\u00a0 BANZAI! e HIST\u00d3RIA DO JAP\u00c3O<\/strong><\/big><\/span><\/p>\n<ol>\n<li><span><big>ASSOCIA\u00c7\u00c3O CULTURAL E ESPORTIVA SA\u00daDE\u00a0 &#8211; Rua Diogo Freire, 307\u00a0 &#8211; Jardim da Sa\u00fade<br \/>\nSecretaria \u2013 11 5058-6958 \/ 5062-9794<\/big><\/span><\/li>\n<li><span><big>Alian\u00e7a Cultural Brasil-Jap\u00e3o &#8211; Rua Vergueiro, 727 \u2013 5\u00ba andar &#8211; Liberdade<br \/>\nSecretaria \u2013 11 3209-6630<\/big><\/span><\/li>\n<li><span><big>Associa\u00e7\u00e3o dos Clubes de\u00a0 Anci\u00f5es do Brasil\u00a0 &#8211; Rua Dr. Siqueira Campos, 134 &#8211; Liberdade &#8211; Sra. Kint\u00f4 \u2013 11 3209-5935<\/big><\/span><\/li>\n<li><span><big>BUNKYO \u2013 Sociedade Brasileira de Cultura Japonesa e Assist\u00eancia Social<br \/>\nMuseu Hist\u00f3rico da Imigra\u00e7\u00e3o Japonesa no Brasil -Rua s\u00e3o Joaquim,\u00a0 381 \u2013 Liberdade \u2013 3\u00ba andar &#8211; Sra. Emi Kato \u2013 11 3209-5465 ou 11 3208-1775 R.117<\/big><\/span><\/li>\n<li><span><big>Centro de Estudos da L\u00edngua Japonesa &#8211; Rua Manoel de Paiva, 45\u00a0 &#8211; Vila Mariana &#8211; Secretaria \u2013 11 5579-6513 \u2013 Sr. Niwa<\/big><\/span><\/li>\n<li><span><big>Funda\u00e7\u00e3o Dona Michie Akama\u201d \u2013 Col\u00e9gio Pioneiro &#8211; Av. Altino Arantes, &#8230; Vila Mariana &#8211; Sra. Augusta Hosokawa \u2013 e-mail: augustahosokawa@uol.com.br.<\/big><\/span><\/li>\n<li><span><big>Hospital Santa Cruz\u00a0 &#8211; Rua Santa Cruz, 398 \u2013 Vila Mariana &#8211; Sra. Yulli Fujimura 11- 5080-2333 \/ 5080-2334<\/big><\/span><\/li>\n<li><span><big>Livraria Saraiva &#8211; v\u00e1rios endere\u00e7os<br \/>\n<\/big><\/span><\/li>\n<\/ol>\n","protected":false},"excerpt":{"rendered":"<p>O movimento imigrat\u00f3rio de japoneses para o Brasil come\u00e7ou em 1908, com a chegada ao Porto de Santos do navio Kasato Maru. De Santos at\u00e9 a hospedaria dos imigrantes, no Br\u00e1s, o transporte dos imigrantes foi feito de trem. Depois de alguns dias, os imigrantes, divididos em grupos, foram levados para as fazendas de caf\u00e9. <a href='http:\/\/www.imigracaojaponesa.com.br\/index.php\/banzai\/' class='excerpt-more'>[&#8230;]<\/a><\/p>\n","protected":false},"author":1,"featured_media":0,"parent":0,"menu_order":0,"comment_status":"closed","ping_status":"open","template":"","meta":{"ngg_post_thumbnail":0,"footnotes":""},"_links":{"self":[{"href":"http:\/\/www.imigracaojaponesa.com.br\/index.php\/wp-json\/wp\/v2\/pages\/14"}],"collection":[{"href":"http:\/\/www.imigracaojaponesa.com.br\/index.php\/wp-json\/wp\/v2\/pages"}],"about":[{"href":"http:\/\/www.imigracaojaponesa.com.br\/index.php\/wp-json\/wp\/v2\/types\/page"}],"author":[{"embeddable":true,"href":"http:\/\/www.imigracaojaponesa.com.br\/index.php\/wp-json\/wp\/v2\/users\/1"}],"replies":[{"embeddable":true,"href":"http:\/\/www.imigracaojaponesa.com.br\/index.php\/wp-json\/wp\/v2\/comments?post=14"}],"version-history":[{"count":23,"href":"http:\/\/www.imigracaojaponesa.com.br\/index.php\/wp-json\/wp\/v2\/pages\/14\/revisions"}],"predecessor-version":[{"id":302,"href":"http:\/\/www.imigracaojaponesa.com.br\/index.php\/wp-json\/wp\/v2\/pages\/14\/revisions\/302"}],"wp:attachment":[{"href":"http:\/\/www.imigracaojaponesa.com.br\/index.php\/wp-json\/wp\/v2\/media?parent=14"}],"curies":[{"name":"wp","href":"https:\/\/api.w.org\/{rel}","templated":true}]}}

BANZAI! História da imigração japonesa em mangá

<p style="text-align: justify;"><a href="http://www.imigracaojaponesa.com.br/wp-content/uploads/2012/06/BANZAI-CAPA19mini.jpg"><img loading="lazy" decoding="async" class="size-full wp-image-60 alignleft" title="BANZAI CAPA19mini" src="http://www.imigracaojaponesa.com.br/wp-content/uploads/2012/06/BANZAI-CAPA19mini.jpg" alt="" width="300" height="373" srcset="http://www.imigracaojaponesa.com.br/wp-content/uploads/2012/06/BANZAI-CAPA19mini.jpg 300w, http://www.imigracaojaponesa.com.br/wp-content/uploads/2012/06/BANZAI-CAPA19mini-241x300.jpg 241w" sizes="(max-width: 300px) 100vw, 300px" /></a></p>
<p style="text-align: justify;">O movimento imigratório de japoneses para o Brasil começou em 1908, com a chegada ao Porto de Santos do navio Kasato Maru. De Santos até a hospedaria dos imigrantes, no Brás, o transporte dos imigrantes foi feito de trem. Depois de alguns dias, os imigrantes, divididos em grupos, foram levados para as fazendas de café.</p>
<p>Com a comida totalmente diferente, sem entender o idioma, e principalmente, sem ganhar o que esperavam, os imigrantes passaram por muitas dificuldades. Alguns fugiram das fazendas sem condições de cumprirem os contratos e se dirigiram para as grandes cidades. Depois chegou a Segunda Guerra Mundial, e a situação ficou ainda mais difícil pelas leis restritivas adotadas pelo Brasil.</p>
<p>Para contar essa história de luta e perseverança, que também é uma parte da história do Brasil, foi lançado o livro “Banzai – A História da Imigração Japonesa em Manga”.</p>
<p>A publicação, que é uma iniciativa da Associação Cultural e Esportiva Saúde, faz parte das atividades comemorativas do Centenário da Imigração Japonesa no Brasil, e conta com o apoio da Fundação Kunito Miyasaka. Coordenado e preparado pelo jornalista Francisco Noriyuki Sato, também autor de História do Japão em Mangá, o trabalho foi revisado por uma equipe liderada pelo professor da USP, dr. Masato Ninomiya.</p>
<p>O veterano desenhista Julio Shimamoto cuidou dos desenhos. O interessante é que todos os envolvidos têm forte ligação com a história que foi escrita e viveram parte de suas vidas na comunidade japonesa de alguma região do País. “Essas experiências pessoais enriqueceram muito a história, principalmente nos detalhes”, conta Sato. O livro, que contou ainda com o auxílio de outro veterano, Paulo Fukue, e do carioca Adauto Silva, foi lançado em 19 de março de 2008, na Câmara Municipal de São Paulo (veja as fotos ao lado).</p>
<p>O livro já está à venda nos endereços ao lado. Nos mesmos endereços, o livro História do Japão em Mangá, 3ª edição também está disponível.</p>
<p>Para contatos com os autores, Francisco Noriyuki Sato e Julio Shimamoto, favor encaminhar e-mail para:<br />
info@imigracaojaponesa.com.br</p>
<table width="704" border="0">
<tbody>
<tr>
<td style="text-align: center;">
<p style="text-align: left;"><a href="http://www.imigracaojaponesa.com.br/wp-content/uploads/2012/04/mini-suzuki-yano-shima-tomio-sato3638.jpg"><img loading="lazy" decoding="async" class="size-full wp-image-138 alignleft" title="Lançamento" src="http://www.imigracaojaponesa.com.br/wp-content/uploads/2012/04/mini-suzuki-yano-shima-tomio-sato3638.jpg" alt="" width="283" height="188" srcset="http://www.imigracaojaponesa.com.br/wp-content/uploads/2012/04/mini-suzuki-yano-shima-tomio-sato3638.jpg 283w, http://www.imigracaojaponesa.com.br/wp-content/uploads/2012/04/mini-suzuki-yano-shima-tomio-sato3638-150x99.jpg 150w" sizes="(max-width: 283px) 100vw, 283px" /></a><small><small>Diretamente ligados à produção do Banzai!: Jorge Suzuki,<br />
Kyoko Yano, Julio Shimamoto, Tomio Katsuragawa e<br />
Francisco Noriyuki Sato, na ocasião do lançamento</small></small></p>
</td>
</tr>
<tr>
<td style="text-align: left;"><a href="http://www.imigracaojaponesa.com.br/wp-content/uploads/2012/04/mini-woo-affonso-penna-kokei-consul-masato3732.jpg"><img loading="lazy" decoding="async" class="alignleft" title="mini woo affonso penna kokei consul masato3732" src="http://www.imigracaojaponesa.com.br/wp-content/uploads/2012/04/mini-woo-affonso-penna-kokei-consul-masato3732.jpg" alt="" width="394" height="209" /></a><small><small>Autoridades que compuseram a mesano salão nobre Brasil Vita:<br />
Deputado federal William Woo, Affonso Penna (convidado especial),<br />
prof.Kokei Uehara, cônsul do Japão, prof. Masato Ninomiya,<br />
Tomio Katsuragawa, deputado federal Walter Ihoshi,<br />
vereador Aurélio Nomura.</small></small></td>
</tr>
</tbody>
</table>
<p><span><big><strong>ONDE ADQUIRIR &#8211; PONTO DE  VENDA DOS LIVROS  BANZAI! e HISTÓRIA DO JAPÃO</strong></big></span></p>
<ol>
<li><span><big>ASSOCIAÇÃO CULTURAL E ESPORTIVA SAÚDE  &#8211; Rua Diogo Freire, 307  &#8211; Jardim da Saúde<br />
Secretaria – 11 5058-6958 / 5062-9794</big></span></li>
<li><span><big>Aliança Cultural Brasil-Japão &#8211; Rua Vergueiro, 727 – 5º andar &#8211; Liberdade<br />
Secretaria – 11 3209-6630</big></span></li>
<li><span><big>Associação dos Clubes de  Anciões do Brasil  &#8211; Rua Dr. Siqueira Campos, 134 &#8211; Liberdade &#8211; Sra. Kintô – 11 3209-5935</big></span></li>
<li><span><big>BUNKYO – Sociedade Brasileira de Cultura Japonesa e Assistência Social<br />
Museu Histórico da Imigração Japonesa no Brasil -Rua são Joaquim,  381 – Liberdade – 3º andar &#8211; Sra. Emi Kato – 11 3209-5465 ou 11 3208-1775 R.117</big></span></li>
<li><span><big>Centro de Estudos da Língua Japonesa &#8211; Rua Manoel de Paiva, 45  &#8211; Vila Mariana &#8211; Secretaria – 11 5579-6513 – Sr. Niwa</big></span></li>
<li><span><big>Fundação Dona Michie Akama” – Colégio Pioneiro &#8211; Av. Altino Arantes, &#8230; Vila Mariana &#8211; Sra. Augusta Hosokawa – e-mail: augustahosokawa@uol.com.br.</big></span></li>
<li><span><big>Hospital Santa Cruz  &#8211; Rua Santa Cruz, 398 – Vila Mariana &#8211; Sra. Yulli Fujimura 11- 5080-2333 / 5080-2334</big></span></li>
<li><span><big>Livraria Saraiva &#8211; vários endereços<br />
</big></span></li>
</ol>

<p>O movimento imigratório de japoneses para o Brasil começou em 1908, com a chegada ao Porto de Santos do navio Kasato Maru. De Santos até a hospedaria dos imigrantes, no Brás, o transporte dos imigrantes foi feito de trem. Depois de alguns dias, os imigrantes, divididos em grupos, foram levados para as fazendas de café. <a href='http://www.imigracaojaponesa.com.br/index.php/banzai/' class='excerpt-more'>[&#8230;]</a></p>
