
{"id":367,"date":"2013-08-30T19:53:39","date_gmt":"2013-08-30T22:53:39","guid":{"rendered":"http:\/\/www.imigracaojaponesa.com.br\/?page_id=367"},"modified":"2013-08-30T19:53:39","modified_gmt":"2013-08-30T22:53:39","slug":"shisuto-jose-muraiama","status":"publish","type":"page","link":"http:\/\/www.imigracaojaponesa.com.br\/index.php\/entrevistas\/politicos-nikkeis\/shisuto-jose-muraiama\/","title":{"rendered":"Shisuto Jos\u00e9 Muraiama"},"content":{"rendered":"<p style=\"text-align: justify;\"><img loading=\"lazy\" decoding=\"async\" class=\"alignright size-full wp-image-368\" alt=\"shisuto-jose-muraiama\" src=\"http:\/\/www.imigracaojaponesa.com.br\/wp-content\/uploads\/2013\/08\/shisuto-jose-muraiama.jpg\" width=\"345\" height=\"442\" srcset=\"http:\/\/www.imigracaojaponesa.com.br\/wp-content\/uploads\/2013\/08\/shisuto-jose-muraiama.jpg 345w, http:\/\/www.imigracaojaponesa.com.br\/wp-content\/uploads\/2013\/08\/shisuto-jose-muraiama-234x300.jpg 234w\" sizes=\"(max-width: 345px) 100vw, 345px\" \/>A fam\u00edlia Muraiama chegou ao Brasil em 1909, vinda da prov\u00edncia de Kyushu. Em 29 de maio de 1914 nascia Shisuto, no munic\u00edpio de Araraquara. Desde muito jovem, junto com os irm\u00e3os, ajudava os pais \u2013 Hatuhei Muraiama e Vacci Muraiama \u2013 trabalhando na lavoura. Ao desistirem do regresso ao Jap\u00e3o, decidiram que Shisuto deveria estudar para conseguir uma vida melhor.<\/p>\n<p style=\"text-align: justify;\">Ao completar o ensino prim\u00e1rio, a fam\u00edlia mudou-se para Campinas, onde ele ingressou no Col\u00e9gio Culto \u00e0 Ci\u00eancia. Depois cursou at\u00e9 o segundo ano da Faculdade Paulista de Medicina, para ent\u00e3o ingressar na turma de 1942 da Escola Superior de Agronomia Luiz de Queiroz (ESALQ), em Piracicaba, e formar-se engenheiro. Foi ent\u00e3o admitido no Instituto Agron\u00f4mico de Campinas (IAC) como t\u00e9cnico e pesquisador, onde durante a d\u00e9cada de 1950 dirigiu uma fazenda experimental, localizada em Santa Isabel, e depois assumiu a Casa da Lavoura de Campos do Jord\u00e3o.<\/p>\n<p style=\"text-align: justify;\">No ano de 1946 casava-se com Cec\u00edlia de Almeida Leite.<\/p>\n<p style=\"text-align: justify;\">Sua carreira pol\u00edtica inicia no ano de 1954, quando se classificou na primeira supl\u00eancia de deputado estadual pelo Partido Social Progressista (PSP). Durante essa legislatura continuou trabalhando como agr\u00f4nomo, assumindo a chefia da Fazenda Experimental de S\u00e3o Bento do Sapuca\u00ed, pois assumiu o mandato apenas algumas vezes.<\/p>\n<p style=\"text-align: justify;\">Tamb\u00e9m foi editor chefe das revistas Mundo Rural e Ch\u00e1caras e Quintais, e escreveu livros t\u00e9cnicos. Desenvolveu projetos de agronomia para a Cica e a Companhia Taubat\u00e9 Industrial, e conseguiu eleger-se membro da Academia de Letras de Campos do Jord\u00e3o.<\/p>\n<p style=\"text-align: justify;\">Em 1958 ficou na 1\u00aa supl\u00eancia para deputado estadual. Dois anos depois, em 1960, sua esposa Cec\u00edlia elegeu-se vereadora no munic\u00edpio de S\u00e3o Bento do Sapuca\u00ed e foi escolhida presidente da C\u00e2mara, um fato pioneiro naquele momento.<\/p>\n<p style=\"text-align: justify;\">Na d\u00e9cada de 1970 dirigiu a Escola de Ensino Agr\u00edcola de Itu. Depois retornou \u00e0 Casa da Agricultura de Campos de Jord\u00e3o, encerrando sua carreira nos anos 1980.<\/p>\n<p style=\"text-align: justify;\">Foi agraciado com os t\u00edtulos de Cidad\u00e3o Honor\u00e1rio de S\u00e3o Bento do Sapuca\u00ed e de Campos do Jord\u00e3o.<\/p>\n<p style=\"text-align: justify;\">Veio a falecer em 1994, na cidade de Campinas.<\/p>\n<p style=\"text-align: justify;\"><em>Fonte: Os nikkeis na Assembl\u00e9ia de S\u00e3o Paulo<\/em><\/p>\n","protected":false},"excerpt":{"rendered":"<p>A fam\u00edlia Muraiama chegou ao Brasil em 1909, vinda da prov\u00edncia de Kyushu. Em 29 de maio de 1914 nascia Shisuto, no munic\u00edpio de Araraquara. Desde muito jovem, junto com os irm\u00e3os, ajudava os pais \u2013 Hatuhei Muraiama e Vacci Muraiama \u2013 trabalhando na lavoura. Ao desistirem do regresso ao Jap\u00e3o, decidiram que Shisuto deveria <a href='http:\/\/www.imigracaojaponesa.com.br\/index.php\/entrevistas\/politicos-nikkeis\/shisuto-jose-muraiama\/' class='excerpt-more'>[&#8230;]<\/a><\/p>\n","protected":false},"author":1,"featured_media":0,"parent":357,"menu_order":0,"comment_status":"closed","ping_status":"closed","template":"","meta":{"ngg_post_thumbnail":0,"footnotes":""},"_links":{"self":[{"href":"http:\/\/www.imigracaojaponesa.com.br\/index.php\/wp-json\/wp\/v2\/pages\/367"}],"collection":[{"href":"http:\/\/www.imigracaojaponesa.com.br\/index.php\/wp-json\/wp\/v2\/pages"}],"about":[{"href":"http:\/\/www.imigracaojaponesa.com.br\/index.php\/wp-json\/wp\/v2\/types\/page"}],"author":[{"embeddable":true,"href":"http:\/\/www.imigracaojaponesa.com.br\/index.php\/wp-json\/wp\/v2\/users\/1"}],"replies":[{"embeddable":true,"href":"http:\/\/www.imigracaojaponesa.com.br\/index.php\/wp-json\/wp\/v2\/comments?post=367"}],"version-history":[{"count":1,"href":"http:\/\/www.imigracaojaponesa.com.br\/index.php\/wp-json\/wp\/v2\/pages\/367\/revisions"}],"predecessor-version":[{"id":369,"href":"http:\/\/www.imigracaojaponesa.com.br\/index.php\/wp-json\/wp\/v2\/pages\/367\/revisions\/369"}],"up":[{"embeddable":true,"href":"http:\/\/www.imigracaojaponesa.com.br\/index.php\/wp-json\/wp\/v2\/pages\/357"}],"wp:attachment":[{"href":"http:\/\/www.imigracaojaponesa.com.br\/index.php\/wp-json\/wp\/v2\/media?parent=367"}],"curies":[{"name":"wp","href":"https:\/\/api.w.org\/{rel}","templated":true}]}}