
{"id":382,"date":"2013-08-30T20:06:11","date_gmt":"2013-08-30T23:06:11","guid":{"rendered":"http:\/\/www.imigracaojaponesa.com.br\/?page_id=382"},"modified":"2013-08-30T20:06:11","modified_gmt":"2013-08-30T23:06:11","slug":"antonio-morimoto","status":"publish","type":"page","link":"http:\/\/www.imigracaojaponesa.com.br\/index.php\/entrevistas\/politicos-nikkeis\/antonio-morimoto\/","title":{"rendered":"Antonio Morimoto"},"content":{"rendered":"<p style=\"text-align: justify;\"><a href=\"http:\/\/www.imigracaojaponesa.com.br\/wp-content\/uploads\/2013\/08\/antonio-morimoto.jpg\"><img loading=\"lazy\" decoding=\"async\" class=\"alignright size-full wp-image-383\" alt=\"antonio-morimoto\" src=\"http:\/\/www.imigracaojaponesa.com.br\/wp-content\/uploads\/2013\/08\/antonio-morimoto.jpg\" width=\"347\" height=\"452\" srcset=\"http:\/\/www.imigracaojaponesa.com.br\/wp-content\/uploads\/2013\/08\/antonio-morimoto.jpg 347w, http:\/\/www.imigracaojaponesa.com.br\/wp-content\/uploads\/2013\/08\/antonio-morimoto-230x300.jpg 230w\" sizes=\"(max-width: 347px) 100vw, 347px\" \/><\/a>Filho de Sazahiti Morimoto e Hissaye Morimoto, nascia em Promiss\u00e3o, no dia 5 de novembro de 1934, Antonio Morimoto. Formou-se no ano de 1958 em Ci\u00eancias Jur\u00eddicas e Sociais pela Faculdade de Direito da Universidade de S\u00e3o Paulo (USP), onde mais tarde especializou-se em economia e teoria geral do Estado, em 1965.<br \/>\nNo campo militar, cumpriu o servi\u00e7o militar no Centro de Prepara\u00e7\u00e3o de Oficiais de Reserva (CPOR), onde foi 2\u00ba tenente. Exerceu a presid\u00eancia da Associa\u00e7\u00e3o Brasileira de oficiais da Reserva do Ex\u00e9rcito, em 1964.<\/p>\n<p style=\"text-align: justify;\">Em 1970 iniciou especializa\u00e7\u00e3o em administra\u00e7\u00e3o superior, pela Funda\u00e7\u00e3o Get\u00falio Vargas, e concluiu o curso pela Universidade de Bras\u00edlia (UnB), em 1976.<\/p>\n<p style=\"text-align: justify;\">Foi membro da junta administrativa do Instituto Brasileiro do Caf\u00e9 (IBC) de 1966 a 1970, e membro do Alto Conselho Agr\u00edcola de S\u00e3o Paulo de 1969 a 1970. Nesse per\u00edodo, foi tamb\u00e9m presidente da Federa\u00e7\u00e3o de Agricultura de Rond\u00f4nia.<\/p>\n<p style=\"text-align: justify;\">Sua carreira pol\u00edtica foi longa. Iniciou em 1955, ao se eleger vereador pela cidade de Andradina (SP). Em 1962 foi eleito deputado estadual e reelegeu-se duas vezes. Foi nomeado secret\u00e1rio de Estado do Trabalho, Ind\u00fastria e Com\u00e9rcio do Estado de S\u00e3o Paulo entre 1964 e 1965. Mais tarde, em 1975, tomou posso como deputado federal, reelegendo-se duas vezes. Na C\u00e2mara dos Deputados integrou diversas Comiss\u00f5es Permanentes e Especiais, e pela Comiss\u00e3o de Constitui\u00e7\u00e3o e Justi\u00e7a, foi relator do projeto que transformou Rond\u00f4nia em Estado da federa\u00e7\u00e3o.<\/p>\n<p style=\"text-align: justify;\">No in\u00edcio da d\u00e9cada de 1980 mudou-se para Porto Velho, Rond\u00f4nia, onde herdou uma fazenda de seu irm\u00e3o. Na cidade, foi nomeado secret\u00e1rio Municipal de Administra\u00e7\u00e3o, ficando de 1987 at\u00e9 1988, e chegou a ser propriet\u00e1rio de quatro r\u00e1dios. Foi presidente das Centrais El\u00e9tricas do Estado de Rond\u00f4nia de 1988 a 1989.<\/p>\n<p style=\"text-align: justify;\">Sua intensa participa\u00e7\u00e3o nos sindicatos patronais rendeu-lhe a vice-presid\u00eancia da Federa\u00e7\u00e3o da Agricultura de Roraima, em 1990.<\/p>\n<p style=\"text-align: justify;\">Participou de diversas miss\u00f5es oficiais ao exterior e foi ao Jap\u00e3o em tr\u00eas ocasi\u00f5es. A primeira, como secret\u00e1rio do Trabalho, Ind\u00fastria e Com\u00e9rcio (1965), depois como integrante da Comiss\u00e3o de Deputados da ALESP (1971), e por \u00faltimo como membro da delega\u00e7\u00e3o de parlamentares brasileiros (1977).<\/p>\n<p style=\"text-align: justify;\">O deputado filiou-se a oito partidos. Pelo Partido Democrata Crist\u00e3o (PDC) elegeu-se vereador de Andradina, em 1955. Depois se transferiu para o Partido Rural Trabalhista (PRT) em 1962, e foi eleito deputado estadual. Com o bipartidarismo, ingressou na Alian\u00e7a Renovadora Nacional (Arena) e na reorganiza\u00e7\u00e3o partid\u00e1ria de 1979 filiou-se ao Partido Democr\u00e1tico Social (PDS). Em 1987 ingressou no Partido do Movimento Democr\u00e1tico Brasileiro (PMDB), \u00e9poca em que foi secret\u00e1rio municipal de Finan\u00e7as e depois presidente das Centrais El\u00e9tricas de Roraima. Mais tarde, em 1990, concorreu pelo Partido Trabalhista Brasileiro (PTB) \u00e1 C\u00e2mara Federal, onde ficou na supl\u00eancia e assumiu o cargo em 1991, ap\u00f3s a cassa\u00e7\u00e3o do deputado Jabes Rabelo. Defendeu a abertura do processo de impeachment do presidente Fernando Collor de Melo. Em 1993 filiou-se ao Partido Progressista Reformador (PPR) e no ano seguinte candidatou-se a uma vaga no Senado, sem sucesso. Fez uma nova tentativa em 1998, pelo Partido da Mobiliza\u00e7\u00e3o Nacional (PMN), mas tamb\u00e9m n\u00e3o foi eleito.<\/p>\n<p style=\"text-align: justify;\">Seus discursos e trabalho de p\u00f3s-gradua\u00e7\u00e3o foram publicados em livros. Veio a falecer no dia 28 de agosto de 2007, v\u00edtima de um infarto.<\/p>\n<p style=\"text-align: justify;\"><em>Fonte: Os nikkeis na Assembl\u00e9ia de S\u00e3o Paulo<\/em><\/p>\n","protected":false},"excerpt":{"rendered":"<p>Filho de Sazahiti Morimoto e Hissaye Morimoto, nascia em Promiss\u00e3o, no dia 5 de novembro de 1934, Antonio Morimoto. Formou-se no ano de 1958 em Ci\u00eancias Jur\u00eddicas e Sociais pela Faculdade de Direito da Universidade de S\u00e3o Paulo (USP), onde mais tarde especializou-se em economia e teoria geral do Estado, em 1965. No campo militar, <a href='http:\/\/www.imigracaojaponesa.com.br\/index.php\/entrevistas\/politicos-nikkeis\/antonio-morimoto\/' class='excerpt-more'>[&#8230;]<\/a><\/p>\n","protected":false},"author":1,"featured_media":0,"parent":357,"menu_order":0,"comment_status":"closed","ping_status":"closed","template":"","meta":{"ngg_post_thumbnail":0,"footnotes":""},"_links":{"self":[{"href":"http:\/\/www.imigracaojaponesa.com.br\/index.php\/wp-json\/wp\/v2\/pages\/382"}],"collection":[{"href":"http:\/\/www.imigracaojaponesa.com.br\/index.php\/wp-json\/wp\/v2\/pages"}],"about":[{"href":"http:\/\/www.imigracaojaponesa.com.br\/index.php\/wp-json\/wp\/v2\/types\/page"}],"author":[{"embeddable":true,"href":"http:\/\/www.imigracaojaponesa.com.br\/index.php\/wp-json\/wp\/v2\/users\/1"}],"replies":[{"embeddable":true,"href":"http:\/\/www.imigracaojaponesa.com.br\/index.php\/wp-json\/wp\/v2\/comments?post=382"}],"version-history":[{"count":1,"href":"http:\/\/www.imigracaojaponesa.com.br\/index.php\/wp-json\/wp\/v2\/pages\/382\/revisions"}],"predecessor-version":[{"id":384,"href":"http:\/\/www.imigracaojaponesa.com.br\/index.php\/wp-json\/wp\/v2\/pages\/382\/revisions\/384"}],"up":[{"embeddable":true,"href":"http:\/\/www.imigracaojaponesa.com.br\/index.php\/wp-json\/wp\/v2\/pages\/357"}],"wp:attachment":[{"href":"http:\/\/www.imigracaojaponesa.com.br\/index.php\/wp-json\/wp\/v2\/media?parent=382"}],"curies":[{"name":"wp","href":"https:\/\/api.w.org\/{rel}","templated":true}]}}