
{"id":409,"date":"2013-09-02T16:03:46","date_gmt":"2013-09-02T19:03:46","guid":{"rendered":"http:\/\/www.imigracaojaponesa.com.br\/?page_id=409"},"modified":"2013-09-02T16:03:46","modified_gmt":"2013-09-02T19:03:46","slug":"goro-hama","status":"publish","type":"page","link":"http:\/\/www.imigracaojaponesa.com.br\/index.php\/entrevistas\/politicos-nikkeis\/goro-hama\/","title":{"rendered":"Goro Hama"},"content":{"rendered":"<p style=\"text-align: justify;\"><img loading=\"lazy\" decoding=\"async\" class=\"alignright size-full wp-image-410\" alt=\"goro-hama\" src=\"http:\/\/www.imigracaojaponesa.com.br\/wp-content\/uploads\/2013\/09\/goro-hama.jpg\" width=\"671\" height=\"491\" srcset=\"http:\/\/www.imigracaojaponesa.com.br\/wp-content\/uploads\/2013\/09\/goro-hama.jpg 671w, http:\/\/www.imigracaojaponesa.com.br\/wp-content\/uploads\/2013\/09\/goro-hama-300x219.jpg 300w\" sizes=\"(max-width: 671px) 100vw, 671px\" \/>Goro Hama nasceu na capital paulista, no dia 20 de maio de 1944. Quinto entre seis irm\u00e3os, \u00e9 filho de Rokuro Hama, imigrante japon\u00eas que chegou ao Brasil no ano de 1921 em uma miss\u00e3o religiosa organizada pela associa\u00e7\u00e3o Rikkokai (esperan\u00e7a), vinculada \u00e1 Igreja Anglicana do Jap\u00e3o. Rokuro voltou ao Jap\u00e3o, casou-se com Chiyo, e mais tarde retornam ao Brasil, em 1932. Foram morar na regi\u00e3o da Alta Paulistana, onde estabeleceram um com\u00e9rcio de secos e molhados e de implementos agr\u00edcolas importados. Em 1942 os bens foram confiscados e foram proibidos de trabalhar no com\u00e9rcio. Com isso, mudaram-se para Iguape, montando a UBI, uma ind\u00fastria de sardinha em lata. Depois da Segunda Guerra Mundial passaram a comercializar m\u00e1quinas agr\u00edcolas e industriais importadas.<\/p>\n<p style=\"text-align: justify;\">Goro Hama cursou o prim\u00e1rio no tradicional Grupo Escolar Prudente e Morais, concluindo em 1954. Fez o secund\u00e1rio no Col\u00e9gio Estadual de S\u00e3o Paulo, conhecido como Col\u00e9gio Roosevelt. Graduou-se pela Escola de Administra\u00e7\u00e3o de Empresas da Funda\u00e7\u00e3o Getulio Vargas, onde tamb\u00e9m fez sua p\u00f3s-gradua\u00e7\u00e3o.<\/p>\n<p style=\"text-align: justify;\">Foi no Col\u00e9gio Roosevelt que iniciou sua participa\u00e7\u00e3o na pol\u00edtica, atrav\u00e9s do movimento secundarista. Fez parte do gr\u00eamio escolar 16 de Setembro, tornando-se representante nos congressos da Uni\u00e3o Paulista de Estudantes Secundaristas (UPES).<br \/>\nJ\u00e1 na faculdade foi diretor social do Centro Acad\u00eamico, presidente da Associa\u00e7\u00e3o Atl\u00e9tica e vice-presidente nacional da Executiva Nacional dos Estudantes de Economia e Administra\u00e7\u00e3o (ENEA) \u2013 eleito durante o seu congresso nacional, realizado em 1968 em Recife (PE).<\/p>\n<p style=\"text-align: justify;\">Goro Hama trabalhou no mercado de capitais. Foi gerente e administrador de diversas empresas, entre elas o Grupo Levy, onde ajudou a montar a primeira mesa de open market. Trabalhou tamb\u00e9m na Camargo Correa.<\/p>\n<p style=\"text-align: justify;\">Em 1976 filiou-se ao Movimento Democr\u00e1tico Brasileiro (MDB), sendo eleito deputado estadual dois anos depois. Disputou duas elei\u00e7\u00f5es a deputado federal pelo Partido do Movimento Democr\u00e1tico Brasileiro (PMDB), nos anos de 1982 e 1986, ficando na supl\u00eancia em ambas as ocasi\u00f5es.<\/p>\n<p style=\"text-align: justify;\">Durante o governo de Andr\u00e9 Franco Montoro (1983-1987) exerceu a presid\u00eancia da Companhia Agr\u00edcola, Imobili\u00e1ria e Colonizadora (CAIC), vinculada \u00e0 Secretaria da Agricultura de S\u00e3o Paulo.<\/p>\n<p style=\"text-align: justify;\">Participou da funda\u00e7\u00e3o do Partido da Social Democracia Brasileira (PSDB), tornando-se Secret\u00e1rio Geral Estadual por quatro anos.<\/p>\n<p style=\"text-align: justify;\">Nas elei\u00e7\u00f5es de 1982 e 1986 n\u00e3o conseguiu se eleger, voltando \u00e0 pol\u00edtica como dirigente partid\u00e1rio e exercendo cargos no Poder Executivo.<\/p>\n<p style=\"text-align: justify;\">De 1995 a 2000, durante o governo de M\u00e1rio Covas, foi presidente da Companhia de Desenvolvimento Habitacional e Urbano do Estado de S\u00e3o Paulo (CDHU). Depois foi nomeado assessor especial do Pal\u00e1cio dos Bandeirantes, permanecendo at\u00e9 mar\u00e7o de 2001. No ano seguinte presidiu o Conselho Consultivo da Funda\u00e7\u00e3o M\u00e1rio Covas.<br \/>\nGoro Hama declarou que mais da metade dos seus votos vieram da comunidade japonesa, atribuindo grande parte desse apoio ao pai, que atrav\u00e9s de sua atividade comercial, mission\u00e1ria e pela cria\u00e7\u00e3o da Casa da Harmonia (entidade que esteve na origem da Associa\u00e7\u00e3o de Cultura Brasil-Jap\u00e3o, abrigava e proporcionava estudo aos filhos dos imigrantes), mantinha um forte v\u00ednculo com a comunidade, inclusive participando da organiza\u00e7\u00e3o das comemora\u00e7\u00f5es do Cinq\u00fcenten\u00e1rio da Imigra\u00e7\u00e3o Japonesa em 1958.<\/p>\n<p style=\"text-align: justify;\">\u00c9 casado com Luiza Lente Bittencourt Hama e atualmente mant\u00e9m um escrit\u00f3rio de consultoria especializado em energia renov\u00e1vel e n\u00e3o-poluente.<\/p>\n<p style=\"text-align: justify;\"><em>Fonte: Os nikkeis na Assembl\u00e9ia de S\u00e3o Paulo<\/em><\/p>\n","protected":false},"excerpt":{"rendered":"<p>Goro Hama nasceu na capital paulista, no dia 20 de maio de 1944. Quinto entre seis irm\u00e3os, \u00e9 filho de Rokuro Hama, imigrante japon\u00eas que chegou ao Brasil no ano de 1921 em uma miss\u00e3o religiosa organizada pela associa\u00e7\u00e3o Rikkokai (esperan\u00e7a), vinculada \u00e1 Igreja Anglicana do Jap\u00e3o. Rokuro voltou ao Jap\u00e3o, casou-se com Chiyo, e <a href='http:\/\/www.imigracaojaponesa.com.br\/index.php\/entrevistas\/politicos-nikkeis\/goro-hama\/' class='excerpt-more'>[&#8230;]<\/a><\/p>\n","protected":false},"author":1,"featured_media":0,"parent":357,"menu_order":0,"comment_status":"closed","ping_status":"closed","template":"","meta":{"ngg_post_thumbnail":0,"footnotes":""},"_links":{"self":[{"href":"http:\/\/www.imigracaojaponesa.com.br\/index.php\/wp-json\/wp\/v2\/pages\/409"}],"collection":[{"href":"http:\/\/www.imigracaojaponesa.com.br\/index.php\/wp-json\/wp\/v2\/pages"}],"about":[{"href":"http:\/\/www.imigracaojaponesa.com.br\/index.php\/wp-json\/wp\/v2\/types\/page"}],"author":[{"embeddable":true,"href":"http:\/\/www.imigracaojaponesa.com.br\/index.php\/wp-json\/wp\/v2\/users\/1"}],"replies":[{"embeddable":true,"href":"http:\/\/www.imigracaojaponesa.com.br\/index.php\/wp-json\/wp\/v2\/comments?post=409"}],"version-history":[{"count":2,"href":"http:\/\/www.imigracaojaponesa.com.br\/index.php\/wp-json\/wp\/v2\/pages\/409\/revisions"}],"predecessor-version":[{"id":412,"href":"http:\/\/www.imigracaojaponesa.com.br\/index.php\/wp-json\/wp\/v2\/pages\/409\/revisions\/412"}],"up":[{"embeddable":true,"href":"http:\/\/www.imigracaojaponesa.com.br\/index.php\/wp-json\/wp\/v2\/pages\/357"}],"wp:attachment":[{"href":"http:\/\/www.imigracaojaponesa.com.br\/index.php\/wp-json\/wp\/v2\/media?parent=409"}],"curies":[{"name":"wp","href":"https:\/\/api.w.org\/{rel}","templated":true}]}}

<p style="text-align: justify;"><img loading="lazy" decoding="async" class="alignright size-full wp-image-410" alt="goro-hama" src="http://www.imigracaojaponesa.com.br/wp-content/uploads/2013/09/goro-hama.jpg" width="671" height="491" srcset="http://www.imigracaojaponesa.com.br/wp-content/uploads/2013/09/goro-hama.jpg 671w, http://www.imigracaojaponesa.com.br/wp-content/uploads/2013/09/goro-hama-300x219.jpg 300w" sizes="(max-width: 671px) 100vw, 671px" />Goro Hama nasceu na capital paulista, no dia 20 de maio de 1944. Quinto entre seis irmãos, é filho de Rokuro Hama, imigrante japonês que chegou ao Brasil no ano de 1921 em uma missão religiosa organizada pela associação Rikkokai (esperança), vinculada á Igreja Anglicana do Japão. Rokuro voltou ao Japão, casou-se com Chiyo, e mais tarde retornam ao Brasil, em 1932. Foram morar na região da Alta Paulistana, onde estabeleceram um comércio de secos e molhados e de implementos agrícolas importados. Em 1942 os bens foram confiscados e foram proibidos de trabalhar no comércio. Com isso, mudaram-se para Iguape, montando a UBI, uma indústria de sardinha em lata. Depois da Segunda Guerra Mundial passaram a comercializar máquinas agrícolas e industriais importadas.</p>
<p style="text-align: justify;">Goro Hama cursou o primário no tradicional Grupo Escolar Prudente e Morais, concluindo em 1954. Fez o secundário no Colégio Estadual de São Paulo, conhecido como Colégio Roosevelt. Graduou-se pela Escola de Administração de Empresas da Fundação Getulio Vargas, onde também fez sua pós-graduação.</p>
<p style="text-align: justify;">Foi no Colégio Roosevelt que iniciou sua participação na política, através do movimento secundarista. Fez parte do grêmio escolar 16 de Setembro, tornando-se representante nos congressos da União Paulista de Estudantes Secundaristas (UPES).<br />
Já na faculdade foi diretor social do Centro Acadêmico, presidente da Associação Atlética e vice-presidente nacional da Executiva Nacional dos Estudantes de Economia e Administração (ENEA) – eleito durante o seu congresso nacional, realizado em 1968 em Recife (PE).</p>
<p style="text-align: justify;">Goro Hama trabalhou no mercado de capitais. Foi gerente e administrador de diversas empresas, entre elas o Grupo Levy, onde ajudou a montar a primeira mesa de open market. Trabalhou também na Camargo Correa.</p>
<p style="text-align: justify;">Em 1976 filiou-se ao Movimento Democrático Brasileiro (MDB), sendo eleito deputado estadual dois anos depois. Disputou duas eleições a deputado federal pelo Partido do Movimento Democrático Brasileiro (PMDB), nos anos de 1982 e 1986, ficando na suplência em ambas as ocasiões.</p>
<p style="text-align: justify;">Durante o governo de André Franco Montoro (1983-1987) exerceu a presidência da Companhia Agrícola, Imobiliária e Colonizadora (CAIC), vinculada à Secretaria da Agricultura de São Paulo.</p>
<p style="text-align: justify;">Participou da fundação do Partido da Social Democracia Brasileira (PSDB), tornando-se Secretário Geral Estadual por quatro anos.</p>
<p style="text-align: justify;">Nas eleições de 1982 e 1986 não conseguiu se eleger, voltando à política como dirigente partidário e exercendo cargos no Poder Executivo.</p>
<p style="text-align: justify;">De 1995 a 2000, durante o governo de Mário Covas, foi presidente da Companhia de Desenvolvimento Habitacional e Urbano do Estado de São Paulo (CDHU). Depois foi nomeado assessor especial do Palácio dos Bandeirantes, permanecendo até março de 2001. No ano seguinte presidiu o Conselho Consultivo da Fundação Mário Covas.<br />
Goro Hama declarou que mais da metade dos seus votos vieram da comunidade japonesa, atribuindo grande parte desse apoio ao pai, que através de sua atividade comercial, missionária e pela criação da Casa da Harmonia (entidade que esteve na origem da Associação de Cultura Brasil-Japão, abrigava e proporcionava estudo aos filhos dos imigrantes), mantinha um forte vínculo com a comunidade, inclusive participando da organização das comemorações do Cinqüentenário da Imigração Japonesa em 1958.</p>
<p style="text-align: justify;">É casado com Luiza Lente Bittencourt Hama e atualmente mantém um escritório de consultoria especializado em energia renovável e não-poluente.</p>
<p style="text-align: justify;"><em>Fonte: Os nikkeis na Assembléia de São Paulo</em></p>

<p>Goro Hama nasceu na capital paulista, no dia 20 de maio de 1944. Quinto entre seis irmãos, é filho de Rokuro Hama, imigrante japonês que chegou ao Brasil no ano de 1921 em uma missão religiosa organizada pela associação Rikkokai (esperança), vinculada á Igreja Anglicana do Japão. Rokuro voltou ao Japão, casou-se com Chiyo, e <a href='http://www.imigracaojaponesa.com.br/index.php/entrevistas/politicos-nikkeis/goro-hama/' class='excerpt-more'>[&#8230;]</a></p>
