
{"id":228,"date":"2012-08-31T16:26:13","date_gmt":"2012-08-31T19:26:13","guid":{"rendered":"http:\/\/www.imigracaojaponesa.com.br\/imigracaojaponesa2012\/?page_id=228"},"modified":"2013-02-27T17:59:09","modified_gmt":"2013-02-27T20:59:09","slug":"presidente-affonso-penna","status":"publish","type":"page","link":"https:\/\/www.imigracaojaponesa.com.br\/index.php\/entrevistas\/presidente-affonso-penna\/","title":{"rendered":"Presidente Affonso Penna"},"content":{"rendered":"<h3 style=\"text-align: justify;\">O GOVERNO AFFONSO PENNA E A IMIGRA\u00c7\u00c3O JAPONESA<\/h3>\n<p style=\"text-align: justify;\"><em>Autor: Engenheiro Affonso Augusto Moreira Penna (bisneto do Presidente Affonso Penna)<\/em><\/p>\n<p style=\"text-align: justify;\"><a href=\"http:\/\/www.imigracaojaponesa.com.br\/wp-content\/uploads\/2012\/08\/AFONSO-PENNA.jpg\"><img loading=\"lazy\" decoding=\"async\" class=\"alignright size-full wp-image-340\" alt=\"AFONSO-PENNA\" src=\"http:\/\/www.imigracaojaponesa.com.br\/wp-content\/uploads\/2012\/08\/AFONSO-PENNA.jpg\" width=\"328\" height=\"495\" srcset=\"https:\/\/www.imigracaojaponesa.com.br\/wp-content\/uploads\/2012\/08\/AFONSO-PENNA.jpg 328w, https:\/\/www.imigracaojaponesa.com.br\/wp-content\/uploads\/2012\/08\/AFONSO-PENNA-198x300.jpg 198w\" sizes=\"(max-width: 328px) 100vw, 328px\" \/><\/a>O Tratado de Amizade, Com\u00e9rcio e Navega\u00e7\u00e3o entre Brasil e Jap\u00e3o foi assinado em Paris, em 5 de novembro de 1895. Era Presidente da Rep\u00fablica do Brasil o paulista Prudente de Morais.<br \/>\nEntretanto, foi somente durante o governo do Presidente Affonso Penna (15\/11\/1906 a 14\/06\/1909), primeiro mineiro a assumir a suprema magistratura da Na\u00e7\u00e3o, que se efetivou a primeira imigra\u00e7\u00e3o japonesa, devidamente organizada, para o Brasil.<\/p>\n<p>O Governo Federal, em conjunto com o Governo do Estado de S\u00e3o Paulo, incentivou a imigra\u00e7\u00e3o japonesa, com os seguintes fundamentos:<br \/>\n&#8211;\u00a0O Governo de S\u00e3o Paulo reivindicava \u00a0m\u00e3o de obra eficiente para a cultura do caf\u00e9;<br \/>\n&#8211; O Presidente Affonso Penna era filho de portugu\u00eas trasmontano \u2013 Domingos Jos\u00e9 Teixeira Penna \u2013 bem sucedido empres\u00e1rio na cidade de Santa B\u00e1rbara do Mato Dentro (hoje chamada de apenas Santa B\u00e1rbara) \/ Minas Gerais. Todavia, o Presidente julgava, a meu ver acertadamente, que a maioria dos portugueses que naquela \u00e9poca vinham para o Brasil, dedicava-se, sobremaneira, \u00e0 minera\u00e7\u00e3o, \u00e1 cria\u00e7\u00e3o de gado e ao com\u00e9rcio. Como o governo Affonso Penna queria desenvolver a agricultura, principalmente de gr\u00e3os, promoveu, sobretudo, a imigra\u00e7\u00e3o de japoneses, alem\u00e3es e poloneses.<\/p>\n<p style=\"text-align: justify;\">Em conseq\u00fc\u00eancia, durante o governo Affonso Penna, o navio Kasato Maru aportou em Santos em junho de 1908, trazendo 781 imigrantes japoneses. A maioria deles foi trabalhar em fazendas de caf\u00e9, existentes ao longo de ferrovias, no estado de S\u00e3o Paulo.<br \/>\nO governo Affonso Penna tamb\u00e9m se empenhava em aumentar a rede ferrovi\u00e1ria brasileira.\u00a0Em 16\/02\/1908, acompanhado pelo\u00a0Eng\u00ba Conde Paulo de Frontin &#8211; inspetor da Estrada de\u00a0Ferro Noroeste do Brasil \u2013 o Presidente inaugurou a 20\u00aa se\u00e7\u00e3o daquela\u00a0ferrovia (ramal de Piraju\u00ed), compreendendo as esta\u00e7\u00f5es de Monjolo (ap\u00f3s denominada de Penna e hoje Cafel\u00e2ndia), de Hector Legr\u00fa (hoje Promiss\u00e3o), chegando at\u00e9 Miguel Calmon (hoje Avanhandava). Quando o navio Kasato Maru chegou, o governo Affonso Penna promovia a expans\u00e3o dos ramais da Estrada de Ferro Noroeste do Brasil. Em maio de 1908 come\u00e7ou a constru\u00e7\u00e3o do trecho Itapura \u2013 Corumb\u00e1. No trecho Bauru \/ Itapura foi inaugurada, em dezembro de\u00a01908, a\u00a0esta\u00e7\u00e3o de Ara\u00e7atuba. A remunera\u00e7\u00e3o pelos trabalhos na ferrovia era maior que a dos servi\u00e7os nas fazendas de caf\u00e9. 75 imigrantes japoneses, principalmente de Okinawa, que haviam chegado no Kasato Maru, se deslocaram, em navio cargueiro at\u00e9 Porto Esperan\u00e7a. A eles se juntaram outros japoneses procedentes da Argentina e do Peru, para trabalhar no assentamento das linhas f\u00e9rreas.<\/p>\n<p style=\"text-align: justify;\">Em 14\/06\/1909 ocorreu o prematuro falecimento do Presidente Affonso Penna no pal\u00e1cio do Catete \/ Rio de Janeiro. Na d\u00e9cada de 1910, os imigrantes japoneses concretizavam a vis\u00e3o do Presidente. A cerca de5 a\u00a08 km\u00a0de Campo Grande, em 1917, 7 fam\u00edlias japonesas plantaram a semente da col\u00f4nia Segredo. Tal como Affonso Penna desejara, plantaram: batata doce, mandioca, batata, arroz, cana de a\u00e7\u00facar, caf\u00e9 e milho. Na d\u00e9cada de 1920, esses imigrantes escreviam para seus parentes que ficaram no Jap\u00e3o, expressando sua satisfa\u00e7\u00e3o pelos resultados.<\/p>\n<p style=\"text-align: left;\">Para reproduzir esse texto, ou trecho dele, \u00e9 obrigat\u00f3ria a cita\u00e7\u00e3o do<br \/>\nnome do autor e do site:<br \/>\n<em>Autor: Engenheiro Affonso Augusto Moreira Penna\/www.imigracaojaponesa.com.br<\/em><\/p>\n","protected":false},"excerpt":{"rendered":"<p>O GOVERNO AFFONSO PENNA E A IMIGRA\u00c7\u00c3O JAPONESA Autor: Engenheiro Affonso Augusto Moreira Penna (bisneto do Presidente Affonso Penna) O Tratado de Amizade, Com\u00e9rcio e Navega\u00e7\u00e3o entre Brasil e Jap\u00e3o foi assinado em Paris, em 5 de novembro de 1895. Era Presidente da Rep\u00fablica do Brasil o paulista Prudente de Morais. Entretanto, foi somente durante <a href='https:\/\/www.imigracaojaponesa.com.br\/index.php\/entrevistas\/presidente-affonso-penna\/' class='excerpt-more'>[&#8230;]<\/a><\/p>\n","protected":false},"author":1,"featured_media":0,"parent":75,"menu_order":0,"comment_status":"closed","ping_status":"closed","template":"","meta":{"ngg_post_thumbnail":0,"footnotes":""},"_links":{"self":[{"href":"https:\/\/www.imigracaojaponesa.com.br\/index.php\/wp-json\/wp\/v2\/pages\/228"}],"collection":[{"href":"https:\/\/www.imigracaojaponesa.com.br\/index.php\/wp-json\/wp\/v2\/pages"}],"about":[{"href":"https:\/\/www.imigracaojaponesa.com.br\/index.php\/wp-json\/wp\/v2\/types\/page"}],"author":[{"embeddable":true,"href":"https:\/\/www.imigracaojaponesa.com.br\/index.php\/wp-json\/wp\/v2\/users\/1"}],"replies":[{"embeddable":true,"href":"https:\/\/www.imigracaojaponesa.com.br\/index.php\/wp-json\/wp\/v2\/comments?post=228"}],"version-history":[{"count":7,"href":"https:\/\/www.imigracaojaponesa.com.br\/index.php\/wp-json\/wp\/v2\/pages\/228\/revisions"}],"predecessor-version":[{"id":341,"href":"https:\/\/www.imigracaojaponesa.com.br\/index.php\/wp-json\/wp\/v2\/pages\/228\/revisions\/341"}],"up":[{"embeddable":true,"href":"https:\/\/www.imigracaojaponesa.com.br\/index.php\/wp-json\/wp\/v2\/pages\/75"}],"wp:attachment":[{"href":"https:\/\/www.imigracaojaponesa.com.br\/index.php\/wp-json\/wp\/v2\/media?parent=228"}],"curies":[{"name":"wp","href":"https:\/\/api.w.org\/{rel}","templated":true}]}}