
{"id":236,"date":"2012-08-31T16:31:57","date_gmt":"2012-08-31T19:31:57","guid":{"rendered":"http:\/\/www.imigracaojaponesa.com.br\/imigracaojaponesa2012\/?page_id=236"},"modified":"2012-08-31T16:31:57","modified_gmt":"2012-08-31T19:31:57","slug":"dr-kiyoshi-takabatake","status":"publish","type":"page","link":"https:\/\/www.imigracaojaponesa.com.br\/index.php\/entrevistas\/dr-kiyoshi-takabatake\/","title":{"rendered":"Dr. Kiyoshi Takabatake"},"content":{"rendered":"<p style=\"text-align: justify;\">Nascido em Osaka (Jap\u00e3o) em 23\/mar\u00e7o\/1910<\/p>\n<p style=\"text-align: justify;\">Filho de Jisaburo e Haru Takabatake, Chega ao Brasil pelo porto de Santos em 14 de agosto de 1928.<\/p>\n<p style=\"text-align: justify;\">Em 16 de agosto da entrada na Hospedaria dos Imigrantes\u00a0em S\u00e3o Paulo. Posteriormente\u00a0\u00e9 enviado para Tup\u00e3 (SP) para trabalhar na lavoura. Em 1935 j\u00e1 est\u00e1em S\u00e3o Paulo\u00a0aonde ingressa na conceituada Escola Mackenzie. Como n\u00e3o tinha recursos para pagar o curso prepara-se com a ajuda de dicion\u00e1rio, para ingressar em um curso n\u00e3o pago. Consegue ingressar na Faculdade de Direito do Largo S\u00e3o Francisco (SP). \u00c9 o primeiro japon\u00eas a conseguir o feito.<\/p>\n<p style=\"text-align: justify;\">Em 1934 \u00e9 criada a primeira entidade congregando os estudantes nikkeis com a denomina\u00e7\u00e3o \u201cLiga-Estudantina Nipo-Brasileira\u201d que tem como primeiro presidente Kiyoshi Takabatake.<\/p>\n<p style=\"text-align: justify;\">Estima-se que em\u00a01940 a\u00a0Liga chegou a congregar 200 estudantes nikkeis de um universo de oito centenas de estudantes nisseis na capital entre eles cerca de duas dezenas de universit\u00e1rios.<\/p>\n<p style=\"text-align: justify;\">Forma-se em 1940 na mesma turma do futuro senador Ulisses Guimar\u00e3es. Torna-se redator de diversos jornais ligados a col\u00f4nia japonesa. Seu Registro na Associa\u00e7\u00e3o dos Profissionais de Imprensa de S\u00e3o Paulo \u00e9 de 1940.<\/p>\n<p style=\"text-align: justify;\">Em 25 de janeiro de 1941 casa-se com Aristela Maria de Jesus que conhecera\u00a0em S\u00e3o Paulo\u00a0no bairro da Liberdade. Consta ter sido se n\u00e3o o primeiro, um dos primeiros casamentos entre japon\u00eas e brasileiro, fato que\u00a0\u00a0gerou grande agita\u00e7\u00e3o dentro da col\u00f4nia japonesa que na \u00e9poca n\u00e3o aceitava este tipo de relacionamento.<\/p>\n<p style=\"text-align: justify;\">Logo depois recebe um convite para administrar e advogar\u00a0em uma Cooperativa\u00a0para explora\u00e7\u00e3o de juta e pimenta do reino em Parintins (AM) e segue para l\u00e1 com a esposa.<\/p>\n<p style=\"text-align: justify;\">Em Parintins nasce a primeira filha do casal \u2013 Dulcineia \u2013 hoje Dulcineia Takabatake Ribeiro do Prado.<\/p>\n<p style=\"text-align: justify;\">Em agosto de 1942 o Brasil declara guerra ao Eixo (Alemanha \u2013 It\u00e1lia \u2013 Jap\u00e3o).<\/p>\n<p style=\"text-align: justify;\">Todos com esta descend\u00eancia, na regi\u00e3o, foram presos e tiveram seus bens confiscados.Foram transferidos para Manaus (AM) e depois enviados para campo de concentra\u00e7\u00e3o criado na cidade de Tom\u00e9-A\u00e7u (AM).<\/p>\n<p style=\"text-align: justify;\">Em Tom\u00e9-A\u00e7u nasce o segundo filho do casal \u2013 Luiz Antonio Takabatake.<\/p>\n<p style=\"text-align: justify;\">Terminada a guerra voltam para S\u00e3o Paulo onde inicia seu trabalho no Banco Am\u00e9rica do Sul.<\/p>\n<p style=\"text-align: justify;\">Foi designado para abrir uma ag\u00eancia do Banco em Suzano em 1945. Se \u00e9 que podemos chamar de ag\u00eancia uma pequena sala no inicio da rua Francisco Glic\u00e9rio.<\/p>\n<p style=\"text-align: justify;\">Inicia tamb\u00e9m a advogar.<\/p>\n<p style=\"text-align: justify;\">Em 1950 nasce em Suzano (SP) o terceiro filho do casal, uma menina que recebe o nome de Magary \u2013 hoje Magary Takabatake de Paiva.<\/p>\n<p style=\"text-align: justify;\">Pelo seu porte intelectual e moral participa intensamente de todos os eventos e realiza\u00e7\u00f5es da cidade com \u00eanfase especial das coisas ligadas a coletividade japonesa.<\/p>\n<p style=\"text-align: justify;\">Entre elas podemos citar: Funda\u00e7\u00e3o do Clube Jardim Guaio, aonde exerceu a Presid\u00eancia. Foi Presidente durante cinco anos da Associa\u00e7\u00e3o Cultural Suzanense e pelo mesmo tempo foi Presidente da Associa\u00e7\u00e3o Cultural, Esportiva e Agr\u00edcola de Suzano Inter-Col\u00f4nia. Foi associado e colaborador da Sociedade Paulista de Cultura Japonesa.<\/p>\n<p style=\"text-align: justify;\">Em 1967 foi escolhido como interprete oficial na vinda do pr\u00edncipe ao Brasil.<\/p>\n<p style=\"text-align: justify;\">Faleceu de problemas card\u00edacos no dia 12 de abril de 1968.<\/p>\n<p>Colabora\u00e7\u00e3o:\u00a0fam\u00edlia Takabatake<br \/>\n<strong>\u00c9 permitida a reprodu\u00e7\u00e3o deste texto, desde que citada a fonte:<br \/>\nFam\u00edlia Takabatake\/www.imigracaojaponesa.com.br<\/strong><\/p>\n","protected":false},"excerpt":{"rendered":"<p>Nascido em Osaka (Jap\u00e3o) em 23\/mar\u00e7o\/1910 Filho de Jisaburo e Haru Takabatake, Chega ao Brasil pelo porto de Santos em 14 de agosto de 1928. Em 16 de agosto da entrada na Hospedaria dos Imigrantes\u00a0em S\u00e3o Paulo. Posteriormente\u00a0\u00e9 enviado para Tup\u00e3 (SP) para trabalhar na lavoura. Em 1935 j\u00e1 est\u00e1em S\u00e3o Paulo\u00a0aonde ingressa na conceituada <a href='https:\/\/www.imigracaojaponesa.com.br\/index.php\/entrevistas\/dr-kiyoshi-takabatake\/' class='excerpt-more'>[&#8230;]<\/a><\/p>\n","protected":false},"author":1,"featured_media":0,"parent":75,"menu_order":0,"comment_status":"closed","ping_status":"closed","template":"","meta":{"ngg_post_thumbnail":0,"footnotes":""},"_links":{"self":[{"href":"https:\/\/www.imigracaojaponesa.com.br\/index.php\/wp-json\/wp\/v2\/pages\/236"}],"collection":[{"href":"https:\/\/www.imigracaojaponesa.com.br\/index.php\/wp-json\/wp\/v2\/pages"}],"about":[{"href":"https:\/\/www.imigracaojaponesa.com.br\/index.php\/wp-json\/wp\/v2\/types\/page"}],"author":[{"embeddable":true,"href":"https:\/\/www.imigracaojaponesa.com.br\/index.php\/wp-json\/wp\/v2\/users\/1"}],"replies":[{"embeddable":true,"href":"https:\/\/www.imigracaojaponesa.com.br\/index.php\/wp-json\/wp\/v2\/comments?post=236"}],"version-history":[{"count":1,"href":"https:\/\/www.imigracaojaponesa.com.br\/index.php\/wp-json\/wp\/v2\/pages\/236\/revisions"}],"predecessor-version":[{"id":237,"href":"https:\/\/www.imigracaojaponesa.com.br\/index.php\/wp-json\/wp\/v2\/pages\/236\/revisions\/237"}],"up":[{"embeddable":true,"href":"https:\/\/www.imigracaojaponesa.com.br\/index.php\/wp-json\/wp\/v2\/pages\/75"}],"wp:attachment":[{"href":"https:\/\/www.imigracaojaponesa.com.br\/index.php\/wp-json\/wp\/v2\/media?parent=236"}],"curies":[{"name":"wp","href":"https:\/\/api.w.org\/{rel}","templated":true}]}}