
{"id":396,"date":"2013-08-30T20:19:07","date_gmt":"2013-08-30T23:19:07","guid":{"rendered":"http:\/\/www.imigracaojaponesa.com.br\/?page_id=396"},"modified":"2013-09-02T21:39:45","modified_gmt":"2013-09-03T00:39:45","slug":"hatiro-shimomoto","status":"publish","type":"page","link":"https:\/\/www.imigracaojaponesa.com.br\/index.php\/entrevistas\/politicos-nikkeis\/hatiro-shimomoto\/","title":{"rendered":"Hatiro Shimomoto"},"content":{"rendered":"<p style=\"text-align: justify;\"><img loading=\"lazy\" decoding=\"async\" class=\"alignright size-full wp-image-397\" alt=\"hatiro-shimomoto\" src=\"http:\/\/www.imigracaojaponesa.com.br\/wp-content\/uploads\/2013\/08\/hatiro-shimomoto.jpg\" width=\"467\" height=\"305\" srcset=\"https:\/\/www.imigracaojaponesa.com.br\/wp-content\/uploads\/2013\/08\/hatiro-shimomoto.jpg 467w, https:\/\/www.imigracaojaponesa.com.br\/wp-content\/uploads\/2013\/08\/hatiro-shimomoto-300x195.jpg 300w\" sizes=\"(max-width: 467px) 100vw, 467px\" \/>Os familiares de Hatiro Shimomoto desembarcaram do navio Montevideo-maru em Santos, no dia 13 de fevereiro de 1931, vindos do bairro de Kuchi Irokawa, distrito de Katsuura, na prov\u00edncia de Wakayama, no Jap\u00e3o. Em seguida estabeleceram-se em Guararapes (SP). Seus pais, Yasuishi e Tomie Shimomoto, chegaram ao Brasil com cinco filhos e aqui nasceram mais sete \u2013 Hatiro, o oitavo filho, foi o terceiro a nascer em territ\u00f3rio brasileiro. Por volta de 1945 a fam\u00edlia mudou para Andradina, onde abriu uma peixaria e uma loja de presentes. Depois mudaram para S\u00e3o Paulo, onde em 1955 instalaram o Mercadinho King, no bairro da Vila Esperan\u00e7a.<\/p>\n<p style=\"text-align: justify;\">Hatiro Shimomoto cursou o prim\u00e1rio no Grupo Escolar Francisco Teodoro de Andrade, em Andradina. Iniciou o curso secund\u00e1rio ainda l\u00e1, na Escola de Com\u00e9rcio, mas concluiu no Col\u00e9gio Osvaldo Cruz, em Campo Grande (MS). Formou-se bacharel em Ci\u00eancias Jur\u00eddicas na Faculdade de Direito do Sul de Minas, em Pouso Alegre. Depois fez p\u00f3s-gradua\u00e7\u00e3o em Direito Tribut\u00e1rio no Centro de Estudos de Extens\u00e3o Universit\u00e1rias e tamb\u00e9m em Direito Comparado na Sorbonne, Paris, Fran\u00e7a.<br \/>\nAp\u00f3s trabalhar em diversas empresas, montou a King, que atua nas \u00e1reas de contabilidade, seguridade e inform\u00e1tica.<\/p>\n<p style=\"text-align: justify;\">Participou de miss\u00f5es oficiais ao exterior \u2013 sobretudo Jap\u00e3o \u2013, de congressos onde proferiu palestras, e de encontros religiosos. Tamb\u00e9m foi membro de entidades educacionais, sindicais, esportivas e culturais. Esteve no Jap\u00e3o cinco vezes entre 1971 e 1993, em miss\u00f5es oficiais e culturais buscando o estreitamento das rela\u00e7\u00f5es com o pa\u00eds. Congratulou-se com o povo japon\u00eas pela data nacional do Jap\u00e3o, comemorada no dia do anivers\u00e1rio do imperador, ent\u00e3o em 29 de abril. Homenageou a col\u00f4nia japonesa no anivers\u00e1rio de 80 anos da imigra\u00e7\u00e3o (1988) e saudou o desconto que os japoneses concederam no montante da d\u00edvida externa brasileira (1992).<\/p>\n<p style=\"text-align: justify;\">Preocupado com a seguran\u00e7a p\u00fablica, em 1971 solicitou a instala\u00e7\u00e3o de novos postos e distritos policiais, aumento do efetivo e policiamento em diferentes localidades. Depois, em 1972, defendeu a unifica\u00e7\u00e3o das pol\u00edcias Civil e Militar e em 1995 apoiou a cria\u00e7\u00e3o de pol\u00edcias municipais. Ainda na quest\u00e3o da seguran\u00e7a, preocupou-se com o problema das crian\u00e7as infratoras nos centros comerciais da cidade, denunciou a explora\u00e7\u00e3o de crian\u00e7as nos sem\u00e1foros, criticou a venda indiscriminada de armas de fogo e a concess\u00e3o de novos portes de armas. O deputado ainda foi contra a constru\u00e7\u00e3o de uma penitenci\u00e1ria em Guarulhos e abordou os acontecimentos na Casa de Deten\u00e7\u00e3o do Carandiru por ocasi\u00e3o da rebeli\u00e3o dos presos e invas\u00e3o da pol\u00edcia, que resultou na morte de 111 detentos em 1992.<\/p>\n<p style=\"text-align: justify;\">Em 1973 o governador Laudo Natel assinou com o governador da prov\u00edncia de Mie, Ryozo Tagawa, a &#8220;Declara\u00e7\u00e3o de Estados Irm\u00e3os entre a Prov\u00edncia de Mie e o Estado de S\u00e3o Paulo&#8221;. Al\u00e9m do governador e de sua esposa, estiveram presentes na solenidade o presidente da Assembl\u00e9ia Legislativa de Mie, o deputado Koiti Yamamoto, e outras autoridades locais. O acordo visava &#8220;cultuar uma fraternidade perene e aprofundar a compreens\u00e3o e a coopera\u00e7\u00e3o m\u00fatua nos campos da cultura, da arte, da educa\u00e7\u00e3o, do esporte, do com\u00e9rcio, da tecnologia, da pesca, da agricultura e da ind\u00fastria&#8221; (1973). como decorr\u00eancia do acordo, o conv\u00eanio permitiu o aperfei\u00e7oamento da sericicultura &#8211; estudo e cria\u00e7\u00e3o do bicho da seda -, produ\u00e7\u00e3o que mais tarde viria a ganhar competitividade internacional. Shimomoto foi coordenador do conv\u00eanio de 1973 a 1975.<\/p>\n<p style=\"text-align: justify;\">Uma caracter\u00edstica marcante no seu trabalho foi a constante abordagem dos temas c\u00edvicos. Defendeu a difus\u00e3o da instru\u00e7\u00e3o moral e c\u00edvica (1973), falou sobre as comemora\u00e7\u00f5es do &#8220;Dia da Bandeira Nacional&#8221; (1979), da &#8220;Semana da P\u00e1tria&#8221; (1991), e prop\u00f4s a obrigatoriedade da execu\u00e7\u00e3o do Hino Nacional nas escolas p\u00fablicas em 1992 e em 1993 retomou a quest\u00e3o da execu\u00e7\u00e3o para a rede particular de ensino. Ainda em 1992 falou tamb\u00e9m sobre a liberaliza\u00e7\u00e3o dos costumes na sociedade e sobre a explora\u00e7\u00e3o do sexo na televis\u00e3o.<\/p>\n<p style=\"text-align: justify;\">Quando lidou com a sa\u00fade, manifestou-se contra o aborto (1988), sugeriu a realiza\u00e7\u00e3o de campanhas de educa\u00e7\u00e3o voltadas \u00e0 sa\u00fade e higiene (1982), relacionou as propagandas de rem\u00e9dio na televis\u00e3o a uma das principais causas da automedica\u00e7\u00e3o (1982), destacou a import\u00e2ncia da vacina\u00e7\u00e3o contra paralisia infantil (1983) e foi um defensor do Plano de Assist\u00eancia \u00e0 Sa\u00fade (PAS) &#8211; gest\u00e3o da sa\u00fade atrav\u00e9s de cooperativas implantadas no munic\u00edpio de S\u00e3o Paulo na gest\u00e3o Paulo Maluf (1995). defendeu a normatiza\u00e7\u00e3o de lei que rege as atividades das empresas de assist\u00eancia m\u00e9dica, visando prestar ampla cobertura aos seus conveniados (1995) e foi a favor do atendimento a todas as enfermidades relacionadas ao C\u00f3digo Internacional de Doen\u00e7as da Organiza\u00e7\u00e3o Mundial da Sa\u00fade (1994).<\/p>\n<p style=\"text-align: justify;\">Hatiro Shimomoto defendeu profundas reformas no C\u00f3digo Penal. Entre elas, a aplica\u00e7\u00e3o da pena de morte (1991), a volta da pena de chibatadas (1994) e indicou o trabalho obrigat\u00f3rio aos presos (1993). Foi favor\u00e1vel \u00e0 redu\u00e7\u00e3o da maioridade penal para dezesseis anos (1993) e prop\u00f4s &#8220;severas penalidades&#8221; aos respons\u00e1veis pelos acidentes de tr\u00e2nsito que estivessem embriagados, infringido os limites de velocidade ou desobedecido \u00e0 sinaliza\u00e7\u00e3o (1995).<\/p>\n<p style=\"text-align: justify;\">\u00c9 casado com Tieko Shimomoto e hoje, \u00e9 diretor-presidente do Grupo King.<\/p>\n<p style=\"text-align: justify;\"><em>Fonte: Os nikkeis na Assembl\u00e9ia de S\u00e3o Paulo<\/em><\/p>\n","protected":false},"excerpt":{"rendered":"<p>Os familiares de Hatiro Shimomoto desembarcaram do navio Montevideo-maru em Santos, no dia 13 de fevereiro de 1931, vindos do bairro de Kuchi Irokawa, distrito de Katsuura, na prov\u00edncia de Wakayama, no Jap\u00e3o. Em seguida estabeleceram-se em Guararapes (SP). Seus pais, Yasuishi e Tomie Shimomoto, chegaram ao Brasil com cinco filhos e aqui nasceram mais <a href='https:\/\/www.imigracaojaponesa.com.br\/index.php\/entrevistas\/politicos-nikkeis\/hatiro-shimomoto\/' class='excerpt-more'>[&#8230;]<\/a><\/p>\n","protected":false},"author":1,"featured_media":0,"parent":357,"menu_order":0,"comment_status":"closed","ping_status":"closed","template":"","meta":{"ngg_post_thumbnail":0,"footnotes":""},"_links":{"self":[{"href":"https:\/\/www.imigracaojaponesa.com.br\/index.php\/wp-json\/wp\/v2\/pages\/396"}],"collection":[{"href":"https:\/\/www.imigracaojaponesa.com.br\/index.php\/wp-json\/wp\/v2\/pages"}],"about":[{"href":"https:\/\/www.imigracaojaponesa.com.br\/index.php\/wp-json\/wp\/v2\/types\/page"}],"author":[{"embeddable":true,"href":"https:\/\/www.imigracaojaponesa.com.br\/index.php\/wp-json\/wp\/v2\/users\/1"}],"replies":[{"embeddable":true,"href":"https:\/\/www.imigracaojaponesa.com.br\/index.php\/wp-json\/wp\/v2\/comments?post=396"}],"version-history":[{"count":9,"href":"https:\/\/www.imigracaojaponesa.com.br\/index.php\/wp-json\/wp\/v2\/pages\/396\/revisions"}],"predecessor-version":[{"id":400,"href":"https:\/\/www.imigracaojaponesa.com.br\/index.php\/wp-json\/wp\/v2\/pages\/396\/revisions\/400"}],"up":[{"embeddable":true,"href":"https:\/\/www.imigracaojaponesa.com.br\/index.php\/wp-json\/wp\/v2\/pages\/357"}],"wp:attachment":[{"href":"https:\/\/www.imigracaojaponesa.com.br\/index.php\/wp-json\/wp\/v2\/media?parent=396"}],"curies":[{"name":"wp","href":"https:\/\/api.w.org\/{rel}","templated":true}]}}

<p style="text-align: justify;"><img loading="lazy" decoding="async" class="alignright size-full wp-image-397" alt="hatiro-shimomoto" src="http://www.imigracaojaponesa.com.br/wp-content/uploads/2013/08/hatiro-shimomoto.jpg" width="467" height="305" srcset="https://www.imigracaojaponesa.com.br/wp-content/uploads/2013/08/hatiro-shimomoto.jpg 467w, https://www.imigracaojaponesa.com.br/wp-content/uploads/2013/08/hatiro-shimomoto-300x195.jpg 300w" sizes="(max-width: 467px) 100vw, 467px" />Os familiares de Hatiro Shimomoto desembarcaram do navio Montevideo-maru em Santos, no dia 13 de fevereiro de 1931, vindos do bairro de Kuchi Irokawa, distrito de Katsuura, na província de Wakayama, no Japão. Em seguida estabeleceram-se em Guararapes (SP). Seus pais, Yasuishi e Tomie Shimomoto, chegaram ao Brasil com cinco filhos e aqui nasceram mais sete – Hatiro, o oitavo filho, foi o terceiro a nascer em território brasileiro. Por volta de 1945 a família mudou para Andradina, onde abriu uma peixaria e uma loja de presentes. Depois mudaram para São Paulo, onde em 1955 instalaram o Mercadinho King, no bairro da Vila Esperança.</p>
<p style="text-align: justify;">Hatiro Shimomoto cursou o primário no Grupo Escolar Francisco Teodoro de Andrade, em Andradina. Iniciou o curso secundário ainda lá, na Escola de Comércio, mas concluiu no Colégio Osvaldo Cruz, em Campo Grande (MS). Formou-se bacharel em Ciências Jurídicas na Faculdade de Direito do Sul de Minas, em Pouso Alegre. Depois fez pós-graduação em Direito Tributário no Centro de Estudos de Extensão Universitárias e também em Direito Comparado na Sorbonne, Paris, França.<br />
Após trabalhar em diversas empresas, montou a King, que atua nas áreas de contabilidade, seguridade e informática.</p>
<p style="text-align: justify;">Participou de missões oficiais ao exterior – sobretudo Japão –, de congressos onde proferiu palestras, e de encontros religiosos. Também foi membro de entidades educacionais, sindicais, esportivas e culturais. Esteve no Japão cinco vezes entre 1971 e 1993, em missões oficiais e culturais buscando o estreitamento das relações com o país. Congratulou-se com o povo japonês pela data nacional do Japão, comemorada no dia do aniversário do imperador, então em 29 de abril. Homenageou a colônia japonesa no aniversário de 80 anos da imigração (1988) e saudou o desconto que os japoneses concederam no montante da dívida externa brasileira (1992).</p>
<p style="text-align: justify;">Preocupado com a segurança pública, em 1971 solicitou a instalação de novos postos e distritos policiais, aumento do efetivo e policiamento em diferentes localidades. Depois, em 1972, defendeu a unificação das polícias Civil e Militar e em 1995 apoiou a criação de polícias municipais. Ainda na questão da segurança, preocupou-se com o problema das crianças infratoras nos centros comerciais da cidade, denunciou a exploração de crianças nos semáforos, criticou a venda indiscriminada de armas de fogo e a concessão de novos portes de armas. O deputado ainda foi contra a construção de uma penitenciária em Guarulhos e abordou os acontecimentos na Casa de Detenção do Carandiru por ocasião da rebelião dos presos e invasão da polícia, que resultou na morte de 111 detentos em 1992.</p>
<p style="text-align: justify;">Em 1973 o governador Laudo Natel assinou com o governador da província de Mie, Ryozo Tagawa, a &#8220;Declaração de Estados Irmãos entre a Província de Mie e o Estado de São Paulo&#8221;. Além do governador e de sua esposa, estiveram presentes na solenidade o presidente da Assembléia Legislativa de Mie, o deputado Koiti Yamamoto, e outras autoridades locais. O acordo visava &#8220;cultuar uma fraternidade perene e aprofundar a compreensão e a cooperação mútua nos campos da cultura, da arte, da educação, do esporte, do comércio, da tecnologia, da pesca, da agricultura e da indústria&#8221; (1973). como decorrência do acordo, o convênio permitiu o aperfeiçoamento da sericicultura &#8211; estudo e criação do bicho da seda -, produção que mais tarde viria a ganhar competitividade internacional. Shimomoto foi coordenador do convênio de 1973 a 1975.</p>
<p style="text-align: justify;">Uma característica marcante no seu trabalho foi a constante abordagem dos temas cívicos. Defendeu a difusão da instrução moral e cívica (1973), falou sobre as comemorações do &#8220;Dia da Bandeira Nacional&#8221; (1979), da &#8220;Semana da Pátria&#8221; (1991), e propôs a obrigatoriedade da execução do Hino Nacional nas escolas públicas em 1992 e em 1993 retomou a questão da execução para a rede particular de ensino. Ainda em 1992 falou também sobre a liberalização dos costumes na sociedade e sobre a exploração do sexo na televisão.</p>
<p style="text-align: justify;">Quando lidou com a saúde, manifestou-se contra o aborto (1988), sugeriu a realização de campanhas de educação voltadas à saúde e higiene (1982), relacionou as propagandas de remédio na televisão a uma das principais causas da automedicação (1982), destacou a importância da vacinação contra paralisia infantil (1983) e foi um defensor do Plano de Assistência à Saúde (PAS) &#8211; gestão da saúde através de cooperativas implantadas no município de São Paulo na gestão Paulo Maluf (1995). defendeu a normatização de lei que rege as atividades das empresas de assistência médica, visando prestar ampla cobertura aos seus conveniados (1995) e foi a favor do atendimento a todas as enfermidades relacionadas ao Código Internacional de Doenças da Organização Mundial da Saúde (1994).</p>
<p style="text-align: justify;">Hatiro Shimomoto defendeu profundas reformas no Código Penal. Entre elas, a aplicação da pena de morte (1991), a volta da pena de chibatadas (1994) e indicou o trabalho obrigatório aos presos (1993). Foi favorável à redução da maioridade penal para dezesseis anos (1993) e propôs &#8220;severas penalidades&#8221; aos responsáveis pelos acidentes de trânsito que estivessem embriagados, infringido os limites de velocidade ou desobedecido à sinalização (1995).</p>
<p style="text-align: justify;">É casado com Tieko Shimomoto e hoje, é diretor-presidente do Grupo King.</p>
<p style="text-align: justify;"><em>Fonte: Os nikkeis na Assembléia de São Paulo</em></p>

<p>Os familiares de Hatiro Shimomoto desembarcaram do navio Montevideo-maru em Santos, no dia 13 de fevereiro de 1931, vindos do bairro de Kuchi Irokawa, distrito de Katsuura, na província de Wakayama, no Japão. Em seguida estabeleceram-se em Guararapes (SP). Seus pais, Yasuishi e Tomie Shimomoto, chegaram ao Brasil com cinco filhos e aqui nasceram mais <a href='https://www.imigracaojaponesa.com.br/index.php/entrevistas/politicos-nikkeis/hatiro-shimomoto/' class='excerpt-more'>[&#8230;]</a></p>
