
{"id":401,"date":"2013-08-30T20:22:18","date_gmt":"2013-08-30T23:22:18","guid":{"rendered":"http:\/\/www.imigracaojaponesa.com.br\/?page_id=401"},"modified":"2013-08-30T20:22:18","modified_gmt":"2013-08-30T23:22:18","slug":"koyu-iha","status":"publish","type":"page","link":"https:\/\/www.imigracaojaponesa.com.br\/index.php\/entrevistas\/politicos-nikkeis\/koyu-iha\/","title":{"rendered":"Koyu Iha"},"content":{"rendered":"<p style=\"text-align: justify;\"><img loading=\"lazy\" decoding=\"async\" class=\"alignright size-full wp-image-402\" alt=\"koyu-iha\" src=\"http:\/\/www.imigracaojaponesa.com.br\/wp-content\/uploads\/2013\/08\/koyu-iha.jpg\" width=\"309\" height=\"348\" srcset=\"https:\/\/www.imigracaojaponesa.com.br\/wp-content\/uploads\/2013\/08\/koyu-iha.jpg 309w, https:\/\/www.imigracaojaponesa.com.br\/wp-content\/uploads\/2013\/08\/koyu-iha-266x300.jpg 266w\" sizes=\"(max-width: 309px) 100vw, 309px\" \/>Primeiro filho de uma fam\u00edlia de onze irm\u00e3os, Koyu Iha nasceu em Santos no dia 30 de junho de 1940, filho de Kotoku Iha e Setsu Iha. O senhor Kotoku chegou ao Brasil em 1922 e depois de v\u00e1rios empregos, acabou montando neg\u00f3cio pr\u00f3prio: uma f\u00e1brica de macarr\u00e3o. Durante a Segunda Guerra Mundial recebeu ultimato para deixar Santos (cidade considerada estrat\u00e9gica pelo governo). A fam\u00edlia ent\u00e3o foi para Lins, onde Koyu fez o curso prim\u00e1rio no Grupo Escolar Jorge Americano Diniz. Ainda durante sua inf\u00e2ncia a fam\u00edlia retornou a Santos e l\u00e1 completou os estudos no Col\u00e9gio Jos\u00e9 Bonif\u00e1cio. Formou-se em Direito pela Faculdade Cat\u00f3lica de Santos, em 1969. Em 1963 ingressou na companhia Sider\u00fargica Paulista (Cosipa), onde ficou at\u00e9 se aposentar.<\/p>\n<p style=\"text-align: justify;\">Sua atividade pol\u00edtica come\u00e7ou na universidade. Depois, com sua atua\u00e7\u00e3o no movimento sindical teve proje\u00e7\u00e3o para conseguir suas elei\u00e7\u00f5es. Seu primeiro mandato foi como vereador por S\u00e3o Vicente, em 1968, e reeleito em 1972. Em 1975 renunciou \u00e0 verean\u00e7a para assumir uma cadeira de deputado estadual. Dois anos depois voltou a S\u00e3o Vicente como prefeito, sendo considerado pelo jornal O Estado de S. Paulo como o melhor prefeito do interior e litoral. Em 31 de janeiro de 1981 renunciou \u00e0 prefeitura em protesto pela prorroga\u00e7\u00e3o dos mandatos de prefeitos e vereadores determinado pelo governo central. Foi ent\u00e3o retomar suas fun\u00e7\u00f5es na Cosipa.<\/p>\n<p style=\"text-align: justify;\">Militou a oposi\u00e7\u00e3o ao governo militar e ingressou no partido do Movimento Democr\u00e1tico Brasileiro (MDB) em 1968 e permanecendo at\u00e9 1979, quando foi criado o Partido do Movimento Democr\u00e1tico Brasileiro (PMDB), ao qual se filiou e permaneceu at\u00e9 1988. Saiu para participar da funda\u00e7\u00e3o do Partido da Social Democracia Brasileira (PSDB), onde ocupou v\u00e1rios cargos de dire\u00e7\u00e3o.<\/p>\n<p style=\"text-align: justify;\">Em 1982 elegeu-se novamente deputado estadual. Na legislatura seguinte candidatou-se \u00e0 c\u00e2mara federal e se elegeu deputado Constituinte. Foi reeleito mais duas vezes, ficando no Congresso at\u00e9 1999.<\/p>\n<p style=\"text-align: justify;\">\u00c9 casado com Yoshiko Iha.<\/p>\n<p style=\"text-align: justify;\"><em>Fonte: Os nikkeis na Assembl\u00e9ia de S\u00e3o Paulo<\/em><\/p>\n","protected":false},"excerpt":{"rendered":"<p>Primeiro filho de uma fam\u00edlia de onze irm\u00e3os, Koyu Iha nasceu em Santos no dia 30 de junho de 1940, filho de Kotoku Iha e Setsu Iha. O senhor Kotoku chegou ao Brasil em 1922 e depois de v\u00e1rios empregos, acabou montando neg\u00f3cio pr\u00f3prio: uma f\u00e1brica de macarr\u00e3o. Durante a Segunda Guerra Mundial recebeu ultimato <a href='https:\/\/www.imigracaojaponesa.com.br\/index.php\/entrevistas\/politicos-nikkeis\/koyu-iha\/' class='excerpt-more'>[&#8230;]<\/a><\/p>\n","protected":false},"author":1,"featured_media":0,"parent":357,"menu_order":0,"comment_status":"closed","ping_status":"closed","template":"","meta":{"ngg_post_thumbnail":0,"footnotes":""},"_links":{"self":[{"href":"https:\/\/www.imigracaojaponesa.com.br\/index.php\/wp-json\/wp\/v2\/pages\/401"}],"collection":[{"href":"https:\/\/www.imigracaojaponesa.com.br\/index.php\/wp-json\/wp\/v2\/pages"}],"about":[{"href":"https:\/\/www.imigracaojaponesa.com.br\/index.php\/wp-json\/wp\/v2\/types\/page"}],"author":[{"embeddable":true,"href":"https:\/\/www.imigracaojaponesa.com.br\/index.php\/wp-json\/wp\/v2\/users\/1"}],"replies":[{"embeddable":true,"href":"https:\/\/www.imigracaojaponesa.com.br\/index.php\/wp-json\/wp\/v2\/comments?post=401"}],"version-history":[{"count":2,"href":"https:\/\/www.imigracaojaponesa.com.br\/index.php\/wp-json\/wp\/v2\/pages\/401\/revisions"}],"predecessor-version":[{"id":404,"href":"https:\/\/www.imigracaojaponesa.com.br\/index.php\/wp-json\/wp\/v2\/pages\/401\/revisions\/404"}],"up":[{"embeddable":true,"href":"https:\/\/www.imigracaojaponesa.com.br\/index.php\/wp-json\/wp\/v2\/pages\/357"}],"wp:attachment":[{"href":"https:\/\/www.imigracaojaponesa.com.br\/index.php\/wp-json\/wp\/v2\/media?parent=401"}],"curies":[{"name":"wp","href":"https:\/\/api.w.org\/{rel}","templated":true}]}}