
{"id":413,"date":"2013-09-02T16:09:45","date_gmt":"2013-09-02T19:09:45","guid":{"rendered":"http:\/\/www.imigracaojaponesa.com.br\/?page_id=413"},"modified":"2013-09-02T16:09:45","modified_gmt":"2013-09-02T19:09:45","slug":"sergio-massanori-morinaga","status":"publish","type":"page","link":"https:\/\/www.imigracaojaponesa.com.br\/index.php\/entrevistas\/politicos-nikkeis\/sergio-massanori-morinaga\/","title":{"rendered":"S\u00e9rgio Massanori Morinaga"},"content":{"rendered":"<p style=\"text-align: justify;\"><img loading=\"lazy\" decoding=\"async\" class=\"alignright size-full wp-image-415\" alt=\"sergio-massanori-morinaga\" src=\"http:\/\/www.imigracaojaponesa.com.br\/wp-content\/uploads\/2013\/09\/sergio-massanori-morinaga.jpg\" width=\"347\" height=\"476\" srcset=\"https:\/\/www.imigracaojaponesa.com.br\/wp-content\/uploads\/2013\/09\/sergio-massanori-morinaga.jpg 347w, https:\/\/www.imigracaojaponesa.com.br\/wp-content\/uploads\/2013\/09\/sergio-massanori-morinaga-218x300.jpg 218w\" sizes=\"(max-width: 347px) 100vw, 347px\" \/>S\u00e9rgio Massanori Morinaga nasceu em Oswaldo Cruz no dia 7 de junho de 1948, filho dos lavradores Shoichi Morinaga e Tuta Morinaga. Formou-se em Economia e Contabilidade.<\/p>\n<p style=\"text-align: justify;\">Aos 29 anos elegeu-se deputado estadual por S\u00e3o Paulo. Sua atua\u00e7\u00e3o no Parlamento paulista em defesa da ecologia e do meio ambiente conferiu-lhe o t\u00edtulo de \u201cPersonalidade do ano do Vale do Para\u00edba\u201d em 1981.<\/p>\n<p style=\"text-align: justify;\">Ap\u00f3s o t\u00e9rmino de seu mandato na Assembl\u00e9ia Legislativa continuou atuante na vida pol\u00edtica, militando especialmente em defesa dos imigrantes e dekasseguis. Foi fundador e presidente da Associa\u00e7\u00e3o dos Imigrantes no Brasil (Asibras), organizada com o objetivo de proteger e assistir os imigrantes. Nela, promoveu e auxiliou, junto de outras entidades japonesas, da Pol\u00edcia Federal e da Ordem dos Advogados do Brasil (OAB), o recadastramento de 260 mil estrangeiros no Estado de S\u00e3o Paulo. L\u00e1 tamb\u00e9m conseguiu a anistia aos estrangeiros clandestinos que n\u00e3o possu\u00edam documento de perman\u00eancia no Brasil e obteve das autoridades japonesas a concess\u00e3o de visto tempor\u00e1rio para trabalho a todos os descendentes e seus c\u00f4njuges.<\/p>\n<p style=\"text-align: justify;\">Viajou ao Jap\u00e3o para acompanhar as condi\u00e7\u00f5es de vida dos dekasseguis em 1998, quando o pa\u00eds sofria os efeitos da crise asi\u00e1tica. Ela atingiu diretamente os brasileiros que trabalhavam l\u00e1, levando muitos ao desemprego. Diante da situa\u00e7\u00e3o de dificuldade que encontrou por l\u00e1, trouxe de volta ao Brasil alguns trabalhadores que estavam doentes e em situa\u00e7\u00e3o grave. A Asibras, em parceria com uma central sindical, buscou reinserir no mercado de trabalho os dekasseguis que retornavam ao pa\u00eds.<\/p>\n<p style=\"text-align: justify;\"><em>Fonte: Os nikkeis na Assembl\u00e9ia de S\u00e3o Paulo<\/em><\/p>\n","protected":false},"excerpt":{"rendered":"<p>S\u00e9rgio Massanori Morinaga nasceu em Oswaldo Cruz no dia 7 de junho de 1948, filho dos lavradores Shoichi Morinaga e Tuta Morinaga. Formou-se em Economia e Contabilidade. Aos 29 anos elegeu-se deputado estadual por S\u00e3o Paulo. Sua atua\u00e7\u00e3o no Parlamento paulista em defesa da ecologia e do meio ambiente conferiu-lhe o t\u00edtulo de \u201cPersonalidade do <a href='https:\/\/www.imigracaojaponesa.com.br\/index.php\/entrevistas\/politicos-nikkeis\/sergio-massanori-morinaga\/' class='excerpt-more'>[&#8230;]<\/a><\/p>\n","protected":false},"author":1,"featured_media":0,"parent":357,"menu_order":0,"comment_status":"closed","ping_status":"closed","template":"","meta":{"ngg_post_thumbnail":0,"footnotes":""},"_links":{"self":[{"href":"https:\/\/www.imigracaojaponesa.com.br\/index.php\/wp-json\/wp\/v2\/pages\/413"}],"collection":[{"href":"https:\/\/www.imigracaojaponesa.com.br\/index.php\/wp-json\/wp\/v2\/pages"}],"about":[{"href":"https:\/\/www.imigracaojaponesa.com.br\/index.php\/wp-json\/wp\/v2\/types\/page"}],"author":[{"embeddable":true,"href":"https:\/\/www.imigracaojaponesa.com.br\/index.php\/wp-json\/wp\/v2\/users\/1"}],"replies":[{"embeddable":true,"href":"https:\/\/www.imigracaojaponesa.com.br\/index.php\/wp-json\/wp\/v2\/comments?post=413"}],"version-history":[{"count":2,"href":"https:\/\/www.imigracaojaponesa.com.br\/index.php\/wp-json\/wp\/v2\/pages\/413\/revisions"}],"predecessor-version":[{"id":417,"href":"https:\/\/www.imigracaojaponesa.com.br\/index.php\/wp-json\/wp\/v2\/pages\/413\/revisions\/417"}],"up":[{"embeddable":true,"href":"https:\/\/www.imigracaojaponesa.com.br\/index.php\/wp-json\/wp\/v2\/pages\/357"}],"wp:attachment":[{"href":"https:\/\/www.imigracaojaponesa.com.br\/index.php\/wp-json\/wp\/v2\/media?parent=413"}],"curies":[{"name":"wp","href":"https:\/\/api.w.org\/{rel}","templated":true}]}}