
{"id":425,"date":"2013-09-02T16:23:28","date_gmt":"2013-09-02T19:23:28","guid":{"rendered":"http:\/\/www.imigracaojaponesa.com.br\/?page_id=425"},"modified":"2013-09-02T16:23:28","modified_gmt":"2013-09-02T19:23:28","slug":"jorge-seigui-yamazato","status":"publish","type":"page","link":"https:\/\/www.imigracaojaponesa.com.br\/index.php\/jorge-seigui-yamazato\/","title":{"rendered":"Jorge Seigui Yamazato"},"content":{"rendered":"<p style=\"text-align: justify;\"><img loading=\"lazy\" decoding=\"async\" class=\"alignright size-full wp-image-426\" alt=\"jorge-seigui-yamazato\" src=\"http:\/\/www.imigracaojaponesa.com.br\/wp-content\/uploads\/2013\/09\/jorge-seigui-yamazato.jpg\" width=\"520\" height=\"346\" srcset=\"https:\/\/www.imigracaojaponesa.com.br\/wp-content\/uploads\/2013\/09\/jorge-seigui-yamazato.jpg 520w, https:\/\/www.imigracaojaponesa.com.br\/wp-content\/uploads\/2013\/09\/jorge-seigui-yamazato-300x199.jpg 300w\" sizes=\"(max-width: 520px) 100vw, 520px\" \/>Filho de Seiko Yamazato e Nabe Yamazato, no dia 14 de agosto de 1930 nasceu Jorge Seigui Yamazato, em Itariri, interior de S\u00e3o Paulo, onde foi trabalhador rural e caminhoneiro at\u00e9 1953, ano em que a fam\u00edlia viajou ao Jap\u00e3o e permaneceu por quase um ano.<\/p>\n<p style=\"text-align: justify;\">No retorno ao Brasil, a fam\u00edlia se estabeleceu em Santos, onde investiram no ramo de exporta\u00e7\u00e3o de frutas, principalmente bananas, \u00e0 Argentina e ao Uruguai. Em 1958 fundou, junto a outros exportadores, a Associa\u00e7\u00e3o de Exportadores de Frutas do Estado de S\u00e3o Paulo. Por volta 1970, para a defesa dos interesses dos associados, criou o Departamento de Hortifrutigranjeiros com a ajuda de Ant\u00f4nio Manoel de Carvalho, ent\u00e3o presidente da Associa\u00e7\u00e3o Comercial de Santos. Atuou ainda no ramo da constru\u00e7\u00e3o civil.<\/p>\n<p style=\"text-align: justify;\">Em 1985 candidatou-se a deputado estadual, mas n\u00e3o foi eleito. Por\u00e9m, conseguiu se eleger na seguinte, em 1990.<\/p>\n<p style=\"text-align: justify;\">Em 1989 foi condecorado pela Marinha, concedendo-lhe a comenda com medalha de Honra ao M\u00e9rito. Depois recebeu do Clube dos Lojistas de Santos o Trof\u00e9u Mascate. E a C\u00e2mara Municipal de S\u00e3o Vicente lhe conferiu o Diploma de Cidad\u00e3o Vicentino.<br \/>\n\u00c9 casado com Casuye Yamazato, com quem tem tr\u00eas filhos.<\/p>\n<p style=\"text-align: justify;\"><em>Fonte: Os nikkeis na Assembl\u00e9ia de S\u00e3o Paulo<\/em><\/p>\n","protected":false},"excerpt":{"rendered":"<p>Filho de Seiko Yamazato e Nabe Yamazato, no dia 14 de agosto de 1930 nasceu Jorge Seigui Yamazato, em Itariri, interior de S\u00e3o Paulo, onde foi trabalhador rural e caminhoneiro at\u00e9 1953, ano em que a fam\u00edlia viajou ao Jap\u00e3o e permaneceu por quase um ano. No retorno ao Brasil, a fam\u00edlia se estabeleceu em <a href='https:\/\/www.imigracaojaponesa.com.br\/index.php\/jorge-seigui-yamazato\/' class='excerpt-more'>[&#8230;]<\/a><\/p>\n","protected":false},"author":1,"featured_media":0,"parent":0,"menu_order":0,"comment_status":"closed","ping_status":"closed","template":"","meta":{"ngg_post_thumbnail":0,"footnotes":""},"_links":{"self":[{"href":"https:\/\/www.imigracaojaponesa.com.br\/index.php\/wp-json\/wp\/v2\/pages\/425"}],"collection":[{"href":"https:\/\/www.imigracaojaponesa.com.br\/index.php\/wp-json\/wp\/v2\/pages"}],"about":[{"href":"https:\/\/www.imigracaojaponesa.com.br\/index.php\/wp-json\/wp\/v2\/types\/page"}],"author":[{"embeddable":true,"href":"https:\/\/www.imigracaojaponesa.com.br\/index.php\/wp-json\/wp\/v2\/users\/1"}],"replies":[{"embeddable":true,"href":"https:\/\/www.imigracaojaponesa.com.br\/index.php\/wp-json\/wp\/v2\/comments?post=425"}],"version-history":[{"count":1,"href":"https:\/\/www.imigracaojaponesa.com.br\/index.php\/wp-json\/wp\/v2\/pages\/425\/revisions"}],"predecessor-version":[{"id":427,"href":"https:\/\/www.imigracaojaponesa.com.br\/index.php\/wp-json\/wp\/v2\/pages\/425\/revisions\/427"}],"wp:attachment":[{"href":"https:\/\/www.imigracaojaponesa.com.br\/index.php\/wp-json\/wp\/v2\/media?parent=425"}],"curies":[{"name":"wp","href":"https:\/\/api.w.org\/{rel}","templated":true}]}}