
{"id":432,"date":"2013-09-02T16:27:01","date_gmt":"2013-09-02T19:27:01","guid":{"rendered":"http:\/\/www.imigracaojaponesa.com.br\/?page_id=432"},"modified":"2013-09-02T16:27:01","modified_gmt":"2013-09-02T19:27:01","slug":"celso-tanaui","status":"publish","type":"page","link":"https:\/\/www.imigracaojaponesa.com.br\/index.php\/entrevistas\/politicos-nikkeis\/celso-tanaui\/","title":{"rendered":"Celso Tanau\u00ed"},"content":{"rendered":"<p style=\"text-align: justify;\"><img loading=\"lazy\" decoding=\"async\" class=\"alignright size-full wp-image-433\" alt=\"celso-tanaui\" src=\"http:\/\/www.imigracaojaponesa.com.br\/wp-content\/uploads\/2013\/09\/celso-tanaui.jpg\" width=\"344\" height=\"426\" srcset=\"https:\/\/www.imigracaojaponesa.com.br\/wp-content\/uploads\/2013\/09\/celso-tanaui.jpg 344w, https:\/\/www.imigracaojaponesa.com.br\/wp-content\/uploads\/2013\/09\/celso-tanaui-242x300.jpg 242w\" sizes=\"(max-width: 344px) 100vw, 344px\" \/>Celso Tanau\u00ed nasceu em 26 de outubro de 1938, filho de Kinziro Tanau\u00ed e Kaneko Tanau\u00ed, na cidade de Terra Roxa, S\u00e3o Paulo. Seu pai desembarcou do navio Wakasa Maru, em 1917 no porto de Santos e sua m\u00e3e tr\u00eas anos depois, no navio La Plata Maru.<br \/>\nSeu primeiro emprego foi atrav\u00e9s de concurso p\u00fablico, em 1955, como telegrafista da companhia Paulista de Estrada de Ferro. Cinco anos depois, ingressou, tamb\u00e9m por meio de concurso, na For\u00e7a P\u00fablica (atual Pol\u00edcia Militar), onde atingiu a posi\u00e7\u00e3o de Tenente no 1\u00ba Batalh\u00e3o de Policiamento Militar do Interior, em S\u00e3o Jos\u00e9 dos Campos. Colaborou tamb\u00e9m para a cria\u00e7\u00e3o da Uni\u00e3o Nacional de Entidades dos Subtenentes e Sargentos (Ubersua) e de 1986 a 1992 ocupou a presid\u00eancia da Associa\u00e7\u00e3o dos Subtenentes e Sargentos.<\/p>\n<p style=\"text-align: justify;\">Respons\u00e1vel pela cria\u00e7\u00e3o e presidente do Diret\u00f3rio Distrital do Partido Trabalhista Brasileiro (PTB) do Tatuap\u00e9, o parlamentar entrou de 5\u00ba suplente a vereador de S\u00e3o Paulo em 1988. Em 1990 elegeu-se deputado estadual e foi reeleito mais duas vezes. Em 2004 candidatou-se a vereador pelo Partido Democr\u00e1tico Trabalhista (PDT), mas n\u00e3o foi eleito.<\/p>\n<p style=\"text-align: justify;\"><em>Fonte: Os nikkeis na Assembl\u00e9ia de S\u00e3o Paulo<\/em><\/p>\n","protected":false},"excerpt":{"rendered":"<p>Celso Tanau\u00ed nasceu em 26 de outubro de 1938, filho de Kinziro Tanau\u00ed e Kaneko Tanau\u00ed, na cidade de Terra Roxa, S\u00e3o Paulo. Seu pai desembarcou do navio Wakasa Maru, em 1917 no porto de Santos e sua m\u00e3e tr\u00eas anos depois, no navio La Plata Maru. Seu primeiro emprego foi atrav\u00e9s de concurso p\u00fablico, <a href='https:\/\/www.imigracaojaponesa.com.br\/index.php\/entrevistas\/politicos-nikkeis\/celso-tanaui\/' class='excerpt-more'>[&#8230;]<\/a><\/p>\n","protected":false},"author":1,"featured_media":0,"parent":357,"menu_order":0,"comment_status":"closed","ping_status":"closed","template":"","meta":{"ngg_post_thumbnail":0,"footnotes":""},"_links":{"self":[{"href":"https:\/\/www.imigracaojaponesa.com.br\/index.php\/wp-json\/wp\/v2\/pages\/432"}],"collection":[{"href":"https:\/\/www.imigracaojaponesa.com.br\/index.php\/wp-json\/wp\/v2\/pages"}],"about":[{"href":"https:\/\/www.imigracaojaponesa.com.br\/index.php\/wp-json\/wp\/v2\/types\/page"}],"author":[{"embeddable":true,"href":"https:\/\/www.imigracaojaponesa.com.br\/index.php\/wp-json\/wp\/v2\/users\/1"}],"replies":[{"embeddable":true,"href":"https:\/\/www.imigracaojaponesa.com.br\/index.php\/wp-json\/wp\/v2\/comments?post=432"}],"version-history":[{"count":1,"href":"https:\/\/www.imigracaojaponesa.com.br\/index.php\/wp-json\/wp\/v2\/pages\/432\/revisions"}],"predecessor-version":[{"id":434,"href":"https:\/\/www.imigracaojaponesa.com.br\/index.php\/wp-json\/wp\/v2\/pages\/432\/revisions\/434"}],"up":[{"embeddable":true,"href":"https:\/\/www.imigracaojaponesa.com.br\/index.php\/wp-json\/wp\/v2\/pages\/357"}],"wp:attachment":[{"href":"https:\/\/www.imigracaojaponesa.com.br\/index.php\/wp-json\/wp\/v2\/media?parent=432"}],"curies":[{"name":"wp","href":"https:\/\/api.w.org\/{rel}","templated":true}]}}